{"id":5440,"date":"2021-05-14T13:18:50","date_gmt":"2021-05-14T11:18:50","guid":{"rendered":"http:\/\/csi.pwszchelm.edu.pl\/?page_id=5440"},"modified":"2021-05-14T13:35:38","modified_gmt":"2021-05-14T11:35:38","slug":"laboratorium-obrabiarek-sterowanych-numerycznie-2","status":"publish","type":"page","link":"https:\/\/csi.panschelm.edu.pl\/?page_id=5440","title":{"rendered":"Laboratorium Obrabiarek Sterowanych Numerycznie"},"content":{"rendered":"<p><strong>Laboratorium Obrabiarek Sterowanych Numerycznie<\/strong> w ramach Laboratorium Bada\u0144 \u015arodowiskowych stanowi uzupe\u0142nienie w\/w laboratorium w ramach kierunku Mechaniki i Budowy Maszyn. Wyposa\u017cone jest w najnowocze\u015bniejszy sprz\u0119t zakresu obr\u00f3bki ubytkowej , jak r\u00f3wnie\u017c w symulatory pozwalaj\u0105ce na programowanie operacji obr\u00f3bczych w wirtualnej przestrzeni.<\/p>\n<p>Dzi\u0119ki pot\u0119\u017cnemu zapleczu technicznemu mo\u017cliwe jest wykonywanie wielu skomplikowanych geometrycznie kszta\u0142t\u00f3w na frezarce z bardzo du\u017c\u0105 dok\u0142adno\u015bci\u0105 (co stanowi wielka wag\u0119 w przemy\u015ble np. lotniczym, motoryzacyjnym).<\/p>\n<p><strong>Wyposa\u017cenie laboratorium stanowi:<\/strong><\/p>\n<ul>\n<li>Elektrodr\u0105\u017carka wg\u0142\u0119bna SODICK AD55L<\/li>\n<li>Pi\u0142\u0105 Ta\u015bmowa SHARK NC 5<\/li>\n<li>Przebijarka SODICK K1C<\/li>\n<li>Wycinarka drutowa SODICK SL600Q<\/li>\n<li>Wycinarka Laserowa EAGLE Inspire 1530F6.0<\/li>\n<\/ul>\n<p>&nbsp;<\/p>\n<div class=\"gdlr-shortcode-wrapper\"><div class=\"clear\"><\/div><div class=\"gdlr-item gdlr-divider-item\"  ><div class=\"gdlr-divider solid\"  style=\"width: 100%;\" ><\/div><\/div><\/div>\n<div class=\"gdlr-frame-shortcode gdlr-align-left\"><div class=\"gdlr-frame frame-type-border\" > <div class=\"gdlr-image-link-shortcode\" style=\"max-width: 100%\" ><img decoding=\"async\" src=\"http:\/\/csi.panschelm.edu.pl\/wp-content\/uploads\/2021\/05\/Wycinarka-drutowa-SODICK-SL600Q_2-scaled.jpg\" alt=\" \" \/><a href=\"http:\/\/csi.panschelm.edu.pl\/wp-content\/uploads\/2021\/05\/Wycinarka-drutowa-SODICK-SL600Q_2-scaled.jpg\"  data-rel=\"fancybox\"  target=\"_blank\" ><span class=\"gdlr-image-link-overlay\">&nbsp;<\/span><span class=\"gdlr-image-link-icon\"><i class=\"fa fa-search\" ><\/i><\/span><\/a><\/div><\/div><span class=\"gdlr-frame-caption\">Wycinarka drutowa SODICK SL600Q<\/span><\/div>\n<div class=\"gdlr-shortcode-wrapper\"><div class=\"clear\"><\/div><div class=\"gdlr-item gdlr-divider-item\"  ><div class=\"gdlr-divider solid\"  style=\"width: 100%;\" ><\/div><\/div><\/div>\n<div class=\"gdlr-frame-shortcode gdlr-align-left\"><div class=\"gdlr-frame frame-type-border\" > <div class=\"gdlr-image-link-shortcode\" style=\"max-width: 100%\" ><img decoding=\"async\" src=\"http:\/\/csi.panschelm.edu.pl\/wp-content\/uploads\/2021\/05\/Wycinarka-Laserowa-EAGLE-Inspire-1530F6.0_1-scaled.jpg\" alt=\" \" \/><a href=\"http:\/\/csi.panschelm.edu.pl\/wp-content\/uploads\/2021\/05\/Wycinarka-Laserowa-EAGLE-Inspire-1530F6.0_1-scaled.jpg\"  data-rel=\"fancybox\"  target=\"_blank\" ><span class=\"gdlr-image-link-overlay\">&nbsp;<\/span><span class=\"gdlr-image-link-icon\"><i class=\"fa fa-search\" ><\/i><\/span><\/a><\/div><\/div><span class=\"gdlr-frame-caption\">Wycinarka Laserowa EAGLE Inspire 1530F6.0<\/span><\/div>\n<div class=\"gdlr-shortcode-wrapper\"><div class=\"clear\"><\/div><div class=\"gdlr-item gdlr-divider-item\"  ><div class=\"gdlr-divider solid\"  style=\"width: 100%;\" ><\/div><\/div><\/div>\n<div class=\"gdlr-frame-shortcode gdlr-align-left\"><div class=\"gdlr-frame frame-type-border\" > <div class=\"gdlr-image-link-shortcode\" style=\"max-width: 100%\" ><img decoding=\"async\" src=\"http:\/\/csi.panschelm.edu.pl\/wp-content\/uploads\/2021\/05\/Wycinarka-Laserowa-EAGLE-Inspire-1530F6.0_2-scaled.jpg\" alt=\" \" \/><a href=\"http:\/\/csi.panschelm.edu.pl\/wp-content\/uploads\/2021\/05\/Wycinarka-Laserowa-EAGLE-Inspire-1530F6.0_2-scaled.jpg\"  data-rel=\"fancybox\"  target=\"_blank\" ><span class=\"gdlr-image-link-overlay\">&nbsp;<\/span><span class=\"gdlr-image-link-icon\"><i class=\"fa fa-search\" ><\/i><\/span><\/a><\/div><\/div><span class=\"gdlr-frame-caption\">Wycinarka Laserowa EAGLE Inspire 1530F6.0<\/span><\/div>\n<div class=\"gdlr-shortcode-wrapper\"><div class=\"clear\"><\/div><div class=\"gdlr-item gdlr-divider-item\"  ><div class=\"gdlr-divider solid\"  style=\"width: 100%;\" ><\/div><\/div><\/div>\n<div class=\"gdlr-frame-shortcode gdlr-align-left\"><div class=\"gdlr-frame frame-type-border\" > <div class=\"gdlr-image-link-shortcode\" style=\"max-width: 100%\" ><img decoding=\"async\" src=\"http:\/\/csi.panschelm.edu.pl\/wp-content\/uploads\/2021\/05\/Elektrodrazarka-wglebna-SODICK-AD55L-scaled.jpg\" alt=\" \" \/><a href=\"http:\/\/csi.panschelm.edu.pl\/wp-content\/uploads\/2021\/05\/Elektrodrazarka-wglebna-SODICK-AD55L-scaled.jpg\"  data-rel=\"fancybox\"  target=\"_blank\" ><span class=\"gdlr-image-link-overlay\">&nbsp;<\/span><span class=\"gdlr-image-link-icon\"><i class=\"fa fa-search\" ><\/i><\/span><\/a><\/div><\/div><span class=\"gdlr-frame-caption\">Elektrodr\u0105\u017carka wg\u0142\u0119bna SODICK AD55L<\/span><\/div>\n<div class=\"gdlr-shortcode-wrapper\"><div class=\"clear\"><\/div><div class=\"gdlr-item gdlr-divider-item\"  ><div class=\"gdlr-divider solid\"  style=\"width: 100%;\" ><\/div><\/div><\/div>\n<div class=\"gdlr-frame-shortcode gdlr-align-left\"><div class=\"gdlr-frame frame-type-border\" > <div class=\"gdlr-image-link-shortcode\" style=\"max-width: 100%\" ><img decoding=\"async\" src=\"http:\/\/csi.panschelm.edu.pl\/wp-content\/uploads\/2021\/05\/Pila-Tasmowa-SHARK-NC-5-scaled.jpg\" alt=\" \" \/><a href=\"http:\/\/csi.panschelm.edu.pl\/wp-content\/uploads\/2021\/05\/Pila-Tasmowa-SHARK-NC-5-scaled.jpg\"  data-rel=\"fancybox\"  target=\"_blank\" ><span class=\"gdlr-image-link-overlay\">&nbsp;<\/span><span class=\"gdlr-image-link-icon\"><i class=\"fa fa-search\" ><\/i><\/span><\/a><\/div><\/div><span class=\"gdlr-frame-caption\">Pi\u0142a Ta\u015bmowa SHARK NC 5<\/span><\/div>\n<div class=\"gdlr-shortcode-wrapper\"><div class=\"clear\"><\/div><div class=\"gdlr-item gdlr-divider-item\"  ><div class=\"gdlr-divider solid\"  style=\"width: 100%;\" ><\/div><\/div><\/div>\n<div class=\"gdlr-frame-shortcode gdlr-align-left\"><div class=\"gdlr-frame frame-type-border\" > <div class=\"gdlr-image-link-shortcode\" style=\"max-width: 100%\" ><img decoding=\"async\" src=\"http:\/\/csi.panschelm.edu.pl\/wp-content\/uploads\/2021\/05\/Przebijarka-SODICK-K1C-scaled.jpg\" alt=\" \" \/><a href=\"http:\/\/csi.panschelm.edu.pl\/wp-content\/uploads\/2021\/05\/Przebijarka-SODICK-K1C-scaled.jpg\"  data-rel=\"fancybox\"  target=\"_blank\" ><span class=\"gdlr-image-link-overlay\">&nbsp;<\/span><span class=\"gdlr-image-link-icon\"><i class=\"fa fa-search\" ><\/i><\/span><\/a><\/div><\/div><span class=\"gdlr-frame-caption\">Przebijarka SODICK K1C<\/span><\/div>\n<div class=\"gdlr-shortcode-wrapper\"><div class=\"clear\"><\/div><div class=\"gdlr-item gdlr-divider-item\"  ><div class=\"gdlr-divider solid\"  style=\"width: 100%;\" ><\/div><\/div><\/div>\n<div class=\"gdlr-frame-shortcode gdlr-align-left\"><div class=\"gdlr-frame frame-type-border\" > <div class=\"gdlr-image-link-shortcode\" style=\"max-width: 100%\" ><img decoding=\"async\" src=\"http:\/\/csi.panschelm.edu.pl\/wp-content\/uploads\/2021\/05\/Przebijarka-SODICK-K1C_1-scaled.jpg\" alt=\" \" \/><a href=\"http:\/\/csi.panschelm.edu.pl\/wp-content\/uploads\/2021\/05\/Przebijarka-SODICK-K1C_1-scaled.jpg\"  data-rel=\"fancybox\"  target=\"_blank\" ><span class=\"gdlr-image-link-overlay\">&nbsp;<\/span><span class=\"gdlr-image-link-icon\"><i class=\"fa fa-search\" ><\/i><\/span><\/a><\/div><\/div><span class=\"gdlr-frame-caption\">Pi\u0142a Ta\u015bmowa SHARK NC 5<\/span><\/div>\n<div class=\"gdlr-shortcode-wrapper\"><div class=\"clear\"><\/div><div class=\"gdlr-item gdlr-divider-item\"  ><div class=\"gdlr-divider solid\"  style=\"width: 100%;\" ><\/div><\/div><\/div>\n<div class=\"gdlr-frame-shortcode gdlr-align-left\"><div class=\"gdlr-frame frame-type-border\" > <div class=\"gdlr-image-link-shortcode\" style=\"max-width: 100%\" ><img decoding=\"async\" src=\"http:\/\/csi.panschelm.edu.pl\/wp-content\/uploads\/2021\/05\/Wycinarka-drutowa-SODICK-SL600Q_1-scaled.jpg\" alt=\" \" \/><a href=\"http:\/\/csi.panschelm.edu.pl\/wp-content\/uploads\/2021\/05\/Wycinarka-drutowa-SODICK-SL600Q_1-scaled.jpg\"  data-rel=\"fancybox\"  target=\"_blank\" ><span class=\"gdlr-image-link-overlay\">&nbsp;<\/span><span class=\"gdlr-image-link-icon\"><i class=\"fa fa-search\" ><\/i><\/span><\/a><\/div><\/div><span class=\"gdlr-frame-caption\">Wycinarka drutowa SODICK SL600Q<\/span><\/div>\n","protected":false},"excerpt":{"rendered":"<p>Laboratorium Obrabiarek Sterowanych Numerycznie w ramach Laboratorium Bada\u0144 \u015arodowiskowych stanowi uzupe\u0142nienie w\/w laboratorium w ramach kierunku Mechaniki i Budowy Maszyn. Wyposa\u017cone jest w najnowocze\u015bniejszy sprz\u0119t zakresu obr\u00f3bki ubytkowej , jak r\u00f3wnie\u017c w symulatory pozwalaj\u0105ce na programowanie operacji obr\u00f3bczych w wirtualnej przestrzeni. Dzi\u0119ki pot\u0119\u017cnemu zapleczu technicznemu mo\u017cliwe jest wykonywanie wielu skomplikowanych geometrycznie kszta\u0142t\u00f3w na frezarce z&#8230; <\/p>\n<div class=\"clear\"><\/div>\n<p><a href=\"https:\/\/csi.panschelm.edu.pl\/?page_id=5440\" class=\"excerpt-read-more\">Czytaj wi\u0119cej<i class=\"fa fa-angle-double-right icon-double-angle-right\"><\/i><\/a><\/p>\n","protected":false},"author":2,"featured_media":0,"parent":0,"menu_order":0,"comment_status":"closed","ping_status":"closed","template":"","meta":{"footnotes":""},"class_list":["post-5440","page","type-page","status-publish","hentry"],"_links":{"self":[{"href":"https:\/\/csi.panschelm.edu.pl\/index.php?rest_route=\/wp\/v2\/pages\/5440","targetHints":{"allow":["GET"]}}],"collection":[{"href":"https:\/\/csi.panschelm.edu.pl\/index.php?rest_route=\/wp\/v2\/pages"}],"about":[{"href":"https:\/\/csi.panschelm.edu.pl\/index.php?rest_route=\/wp\/v2\/types\/page"}],"author":[{"embeddable":true,"href":"https:\/\/csi.panschelm.edu.pl\/index.php?rest_route=\/wp\/v2\/users\/2"}],"replies":[{"embeddable":true,"href":"https:\/\/csi.panschelm.edu.pl\/index.php?rest_route=%2Fwp%2Fv2%2Fcomments&post=5440"}],"version-history":[{"count":3,"href":"https:\/\/csi.panschelm.edu.pl\/index.php?rest_route=\/wp\/v2\/pages\/5440\/revisions"}],"predecessor-version":[{"id":5452,"href":"https:\/\/csi.panschelm.edu.pl\/index.php?rest_route=\/wp\/v2\/pages\/5440\/revisions\/5452"}],"wp:attachment":[{"href":"https:\/\/csi.panschelm.edu.pl\/index.php?rest_route=%2Fwp%2Fv2%2Fmedia&parent=5440"}],"curies":[{"name":"wp","href":"https:\/\/api.w.org\/{rel}","templated":true}]}}