{"id":5259,"date":"2020-06-29T11:39:36","date_gmt":"2020-06-29T09:39:36","guid":{"rendered":"http:\/\/csi.pwszchelm.edu.pl\/?page_id=5259"},"modified":"2020-07-02T08:15:08","modified_gmt":"2020-07-02T06:15:08","slug":"wyposazenie-laboratorium-badania-surowcow-i-produktow-rolno-spozywczych","status":"publish","type":"page","link":"https:\/\/csi.panschelm.edu.pl\/?page_id=5259","title":{"rendered":"Laboratorium Badania Surowc\u00f3w i&nbsp;Produkt\u00f3w Rolno-Spo\u017cywczych"},"content":{"rendered":"<p><strong>Wyposa\u017cenie:<br \/>\n<\/strong><\/p>\n<ul>\n<li>Automatyczny aparat do barwienia preparat\u00f3w metod\u0105 Grama PREVI Color Gram<\/li>\n<li>Spektrofotometr UV\/VIS UV-2600<\/li>\n<li><strong>Spektrofotometr bliskiej podczerwieni SpectraAlyzer 2.0<\/strong><\/li>\n<li><strong>Spektroskopia FT-IR, IRAffinity-1<\/strong><\/li>\n<li>Spektrofotometr do analizy sk\u0142adu chemicznego metod\u0105 wzbudzania promieniowaniem rentgenowskim, EDX 7000<\/li>\n<li>Chromatograf gazowy ze spektrometrem mas GCMS-TQ8040<\/li>\n<li>Chromatograf gazowy GC-2010 Plus<\/li>\n<li>Spektrometr absorpcji atomowej AA-7000<\/li>\n<li>Spektrofotometr TD-NMR MiniSpec mq20<\/li>\n<li>Chromatograf cieczowy Azura<\/li>\n<li>Analizator elementarny CHNS+O serii FLASH 2000<\/li>\n<li>Mineralizator mikrofalowy, wysokoci\u015bnieniowy Ethos Easy<\/li>\n<li>Zestaw do oznaczania azotu\/bia\u0142ka InKjel 625 P<\/li>\n<li>Jednoczesny spektrometr ICP-OES Arcos<\/li>\n<\/ul>\n<div class=\"gdlr-shortcode-wrapper\"><div class=\"clear\"><\/div><div class=\"gdlr-item gdlr-divider-item\"  ><div class=\"gdlr-divider solid\"  style=\"width: 100%;\" ><\/div><\/div><\/div>\n<div class=\"gdlr-frame-shortcode gdlr-align-left\"><div class=\"gdlr-frame frame-type-border\" > <div class=\"gdlr-image-link-shortcode\" style=\"max-width: 100%\" ><img decoding=\"async\" src=\"http:\/\/csi.panschelm.edu.pl\/wp-content\/uploads\/2020\/06\/image16.jpeg\" alt=\" \" \/><a href=\"http:\/\/csi.panschelm.edu.pl\/wp-content\/uploads\/2020\/06\/image16.jpeg\"  data-rel=\"fancybox\"  target=\"_blank\" ><span class=\"gdlr-image-link-overlay\">&nbsp;<\/span><span class=\"gdlr-image-link-icon\"><i class=\"fa fa-search\" ><\/i><\/span><\/a><\/div><\/div><span class=\"gdlr-frame-caption\">Aparat do barwienia preparat\u00f3w PREVI Color Gram, Biom\u00e9rieux<\/span><\/div>\n<p>PREVI Color Gram firmy Biomeri\u00e9ux to zautomatyzowany aparat do barwienia metod\u0105 Grama, umo\u017cliwiaj\u0105cy uzyskanie wystandaryzowanych wynik\u00f3w dla r\u00f3\u017cnych materia\u0142\u00f3w badanych. Stosowanie niebezpiecznych odczynnik\u00f3w w barwieniu metod\u0105 Grama stanowi zagro\u017cenie, szczeg\u00f3lnie je\u015bli wykonuje si\u0119 to manualnie. PREVI Color Gram zaprojektowano tak by zapewnia\u0142 pe\u0142ne bezpiecze\u0144stwo. Specjalny spos\u00f3b mycia i usuwania odpad\u00f3w to cechy, kt\u00f3re podnosz\u0105 bezpiecze\u0144stwo zar\u00f3wno personelu jak i \u015brodowiska.<\/p>\n<div class=\"gdlr-shortcode-wrapper\"><div class=\"clear\"><\/div><div class=\"gdlr-item gdlr-divider-item\"  ><div class=\"gdlr-divider solid\"  style=\"width: 100%;\" ><\/div><\/div><\/div>\n<div class=\"gdlr-frame-shortcode gdlr-align-left\"><div class=\"gdlr-frame frame-type-border\" > <div class=\"gdlr-image-link-shortcode\" style=\"max-width: 100%\" ><img decoding=\"async\" src=\"http:\/\/csi.panschelm.edu.pl\/wp-content\/uploads\/2020\/06\/image17.jpeg\" alt=\" \" \/><a href=\"http:\/\/csi.panschelm.edu.pl\/wp-content\/uploads\/2020\/06\/image17.jpeg\"  data-rel=\"fancybox\"  target=\"_blank\" ><span class=\"gdlr-image-link-overlay\">&nbsp;<\/span><span class=\"gdlr-image-link-icon\"><i class=\"fa fa-search\" ><\/i><\/span><\/a><\/div><\/div><span class=\"gdlr-frame-caption\">Spektrofotometr UV-2600, Shimadzu<\/span><\/div>\n<p>Spektrofotometr UV-2600 firmy Shimadzu pozwala na pomiar absorpcji promieniowania o d\u0142ugo\u015bci fali 185-900 nm. Posiada r\u00f3wnie\u017c mo\u017cliwo\u015b\u0107 rozszerzenia\u00a0 parametr\u00f3w do 1400 nm.<\/p>\n<div class=\"gdlr-shortcode-wrapper\"><div class=\"clear\"><\/div><div class=\"gdlr-item gdlr-divider-item\"  ><div class=\"gdlr-divider solid\"  style=\"width: 100%;\" ><\/div><\/div><\/div>\n<div class=\"gdlr-frame-shortcode gdlr-align-left\"><div class=\"gdlr-frame frame-type-border\" > <div class=\"gdlr-image-link-shortcode\" style=\"max-width: 100%\" ><img decoding=\"async\" src=\"http:\/\/csi.panschelm.edu.pl\/wp-content\/uploads\/2020\/06\/image18.jpeg\" alt=\" \" \/><a href=\"http:\/\/csi.panschelm.edu.pl\/wp-content\/uploads\/2020\/06\/image18.jpeg\"  data-rel=\"fancybox\"  target=\"_blank\" ><span class=\"gdlr-image-link-overlay\">&nbsp;<\/span><span class=\"gdlr-image-link-icon\"><i class=\"fa fa-search\" ><\/i><\/span><\/a><\/div><\/div><span class=\"gdlr-frame-caption\">Spektrofotometr SpectraAlyzer 2.0, Zeutec<\/span><\/div>\n<p>SpectraAlyzer 2.0 firmy Zeutec to spektrofotometr bliskiej podczerwieni (NIR), kt\u00f3ry wykorzystuje zakres spektralny 1400-2400 nm. Stosuje si\u0119 go do bada\u0144 m.in. takich parametr\u00f3w jak zawarto\u015b\u0107 bia\u0142ka, t\u0142uszczy, popio\u0142u w produktach rolno- spo\u017cywczych.<\/p>\n<div class=\"gdlr-shortcode-wrapper\"><div class=\"clear\"><\/div><div class=\"gdlr-item gdlr-divider-item\"  ><div class=\"gdlr-divider solid\"  style=\"width: 100%;\" ><\/div><\/div><\/div>\n<div class=\"gdlr-frame-shortcode gdlr-align-left\"><div class=\"gdlr-frame frame-type-border\" > <div class=\"gdlr-image-link-shortcode\" style=\"max-width: 100%\" ><img decoding=\"async\" src=\"http:\/\/csi.panschelm.edu.pl\/wp-content\/uploads\/2020\/06\/image19.jpg\" alt=\" \" \/><a href=\"http:\/\/csi.panschelm.edu.pl\/wp-content\/uploads\/2020\/06\/image19.jpg\"  data-rel=\"fancybox\"  target=\"_blank\" ><span class=\"gdlr-image-link-overlay\">&nbsp;<\/span><span class=\"gdlr-image-link-icon\"><i class=\"fa fa-search\" ><\/i><\/span><\/a><\/div><\/div><span class=\"gdlr-frame-caption\">Spektrofotometr IRAffinity-1S, Shimadzu<\/span><\/div>\n<p>Spektroskopia fourierowska to najnowsza odmiana spektrofotometrii bliskiej podczerwieni. W spektrofotometrze IRAffinity-1 firmy Shimadzu monochromator zast\u0105piony zosta\u0142 interferometrem. Stosunek sygna\u0142u do szumu w tym urz\u0105dzeniu wynosi 30000:1.<\/p>\n<div class=\"gdlr-shortcode-wrapper\"><div class=\"clear\"><\/div><div class=\"gdlr-item gdlr-divider-item\"  ><div class=\"gdlr-divider solid\"  style=\"width: 100%;\" ><\/div><\/div><\/div>\n<div class=\"gdlr-frame-shortcode gdlr-align-left\"><div class=\"gdlr-frame frame-type-border\" > <div class=\"gdlr-image-link-shortcode\" style=\"max-width: 100%\" ><img decoding=\"async\" src=\"http:\/\/csi.panschelm.edu.pl\/wp-content\/uploads\/2020\/06\/image20.jpeg\" alt=\" \" \/><a href=\"http:\/\/csi.panschelm.edu.pl\/wp-content\/uploads\/2020\/06\/image20.jpeg\"  data-rel=\"fancybox\"  target=\"_blank\" ><span class=\"gdlr-image-link-overlay\">&nbsp;<\/span><span class=\"gdlr-image-link-icon\"><i class=\"fa fa-search\" ><\/i><\/span><\/a><\/div><\/div><span class=\"gdlr-frame-caption\">Spektrofotometr wzbudzania promieniami rentgenowskimi EDX-7000, Shimadzu<\/span><\/div>\n<p>EDX 7000 firmy Shimadzu to dyspersyjny, fluorescencyjny spektrofotometr umo\u017cliwiaj\u0105cy prowadzenie pomiar\u00f3w w powietrzu, pr\u00f3\u017cni lub atmosferze helowej. \u0179r\u00f3d\u0142em promieniowania X jest lampa Rh, a wi\u0105zka na\u015bwietla pr\u00f3bk\u0119 od do\u0142u. Umo\u017cliwia badania p\u0142yn\u00f3w i cia\u0142 sta\u0142ych. Wykorzystywany jest w rolnictwie do badania gleb, ro\u015blin, nawoz\u00f3w. W przemy\u015ble u\u017cywa si\u0119 go do bada\u0144 dodatk\u00f3w do olej\u00f3w, bada\u0144 sk\u0142adu i zanieczyszcze\u0144 m.in. cement\u00f3w, klej\u00f3w, cegie\u0142, plastiku.<\/p>\n<p>Jest to urz\u0105dzenie wszechstronne i nie wymagaj\u0105ce niszczenia pr\u00f3bki.<\/p>\n<div class=\"gdlr-shortcode-wrapper\"><div class=\"clear\"><\/div><div class=\"gdlr-item gdlr-divider-item\"  ><div class=\"gdlr-divider solid\"  style=\"width: 100%;\" ><\/div><\/div><\/div>\n<div class=\"gdlr-frame-shortcode gdlr-align-left\"><div class=\"gdlr-frame frame-type-border\" > <div class=\"gdlr-image-link-shortcode\" style=\"max-width: 100%\" ><img decoding=\"async\" src=\"http:\/\/csi.panschelm.edu.pl\/wp-content\/uploads\/2020\/06\/image21.jpeg\" alt=\" \" \/><a href=\"http:\/\/csi.panschelm.edu.pl\/wp-content\/uploads\/2020\/06\/image21.jpeg\"  data-rel=\"fancybox\"  target=\"_blank\" ><span class=\"gdlr-image-link-overlay\">&nbsp;<\/span><span class=\"gdlr-image-link-icon\"><i class=\"fa fa-search\" ><\/i><\/span><\/a><\/div><\/div><span class=\"gdlr-frame-caption\">Chromatograf gazowy ze spektrometri\u0105 mas GCMS-TQ8040, Shimadzu<\/span><\/div>\n<p>GSMC-TQ8040 firmy Shimadzu to najszybszy potr\u00f3jny kwadrupol na rynku. Szybko\u015b\u0107 i \u0142atwo\u015b\u0107 metody analitycznej oraz niski poziom detekcji czyni ten aparat wyj\u0105tkowo praktycznym. Technika, zwana w skr\u00f3cie GCMS, stosowana jest w przemy\u015ble chemicznym i spo\u017cywczym, do analizy zanieczyszcze\u0144 \u015brodowiska, w badaniach biochemicznych, toksykologii.<\/p>\n<div class=\"gdlr-shortcode-wrapper\"><div class=\"clear\"><\/div><div class=\"gdlr-item gdlr-divider-item\"  ><div class=\"gdlr-divider solid\"  style=\"width: 100%;\" ><\/div><\/div><\/div>\n<div class=\"gdlr-frame-shortcode gdlr-align-left\"><div class=\"gdlr-frame frame-type-border\" > <div class=\"gdlr-image-link-shortcode\" style=\"max-width: 100%\" ><img decoding=\"async\" src=\"http:\/\/csi.panschelm.edu.pl\/wp-content\/uploads\/2020\/06\/image22.jpeg\" alt=\" \" \/><a href=\"http:\/\/csi.panschelm.edu.pl\/wp-content\/uploads\/2020\/06\/image22.jpeg\"  data-rel=\"fancybox\"  target=\"_blank\" ><span class=\"gdlr-image-link-overlay\">&nbsp;<\/span><span class=\"gdlr-image-link-icon\"><i class=\"fa fa-search\" ><\/i><\/span><\/a><\/div><\/div><span class=\"gdlr-frame-caption\">Chromatograf gazowy GC-2010 Plus, Shimadzu<\/span><\/div>\n<p>GC-2010 Plus umo\u017cliwia wykonanie szybkiej, rzetelnej i precyzyjnej analizy \u015bladowej o du\u017cej powtarzalno\u015bci z wykorzystaniem detektoru FID o najwy\u017cszej dost\u0119pnej czu\u0142o\u015bci w swojej klasie. Dodatkowo technologia szybkiego ch\u0142odzenia pieca i wymywania zwrotnego (backflush) skracaj\u0105 czas analizy, dzi\u0119ki czemu mo\u017cliwe jest dodatkowe zwi\u0119kszenie produktywno\u015bci aparatu. Wykorzystywany jest do analizy sk\u0142adu w przemy\u015ble chemicznym, spo\u017cywczym, rolnym.<\/p>\n<div class=\"gdlr-shortcode-wrapper\"><div class=\"clear\"><\/div><div class=\"gdlr-item gdlr-divider-item\"  ><div class=\"gdlr-divider solid\"  style=\"width: 100%;\" ><\/div><\/div><\/div>\n<div class=\"gdlr-frame-shortcode gdlr-align-left\"><div class=\"gdlr-frame frame-type-border\" > <div class=\"gdlr-image-link-shortcode\" style=\"max-width: 100%\" ><img decoding=\"async\" src=\"http:\/\/csi.panschelm.edu.pl\/wp-content\/uploads\/2020\/06\/image23.jpg\" alt=\" \" \/><a href=\"http:\/\/csi.panschelm.edu.pl\/wp-content\/uploads\/2020\/06\/image23.jpg\"  data-rel=\"fancybox\"  target=\"_blank\" ><span class=\"gdlr-image-link-overlay\">&nbsp;<\/span><span class=\"gdlr-image-link-icon\"><i class=\"fa fa-search\" ><\/i><\/span><\/a><\/div><\/div><span class=\"gdlr-frame-caption\">Spektrometr absorpcji atomowej AA-7000, Shimadzu<\/span><\/div>\n<p>Stosowany w serii AA-7000 firmy Shimadzu nowoopracowany uk\u0142ad optyczny 3D mo\u017ce zapewni\u0107 maksymaln\u0105 wydajno\u015b\u0107 wykrywania substancji zar\u00f3wno w p\u0142omieniu jak i kuwecie grafitowej. Znacznie obni\u017cono limity detekcji w stosunku do poprzednik\u00f3w. Taka wydajno\u015b\u0107 jest osi\u0105gana dzi\u0119ki optymalnej regulacji wi\u0105zki \u015bwiat\u0142a i filtra cyfrowego, oraz u\u017cyciu cz\u0119\u015bci optycznych o restrykcyjnych parametrach dotycz\u0105cych jasno\u015bci i nat\u0119\u017cenia wi\u0105zki. Dodatkowo zamontowany zmieniacz AAC-7000\u00a0 tworzy zintegrowany system palnika i kuwety grafitowej w komorze spalania. Umo\u017cliwia on r\u00f3wnie\u017c analiz\u0119 p\u0142omieniow\u0105 pr\u00f3bek o wysokim st\u0119\u017ceniu i analiz\u0119 \u015bladow\u0105 bez konieczno\u015bci zmiany atomizera. Takie rozwi\u0105zanie zajmuje mniej miejsca.<\/p>\n<div class=\"gdlr-shortcode-wrapper\"><div class=\"clear\"><\/div><div class=\"gdlr-item gdlr-divider-item\"  ><div class=\"gdlr-divider solid\"  style=\"width: 100%;\" ><\/div><\/div><\/div>\n<div class=\"gdlr-frame-shortcode gdlr-align-left\"><div class=\"gdlr-frame frame-type-border\" > <div class=\"gdlr-image-link-shortcode\" style=\"max-width: 100%\" ><img decoding=\"async\" src=\"http:\/\/csi.panschelm.edu.pl\/wp-content\/uploads\/2020\/06\/image24.jpeg\" alt=\" \" \/><a href=\"http:\/\/csi.panschelm.edu.pl\/wp-content\/uploads\/2020\/06\/image24.jpeg\"  data-rel=\"fancybox\"  target=\"_blank\" ><span class=\"gdlr-image-link-overlay\">&nbsp;<\/span><span class=\"gdlr-image-link-icon\"><i class=\"fa fa-search\" ><\/i><\/span><\/a><\/div><\/div><span class=\"gdlr-frame-caption\">Spektrofotometr MiniSpec mq20, Bruker<\/span><\/div>\n<p>Spektrofotometr MIniSpec mq20 firmy Bruker wykorzystuje metod\u0119 wzbudzania spin\u00f3w j\u0105drowych znajduj\u0105cych si\u0119 w zewn\u0119trznym polu elektromagnetycznym. S\u0142u\u017cy do pomiar\u00f3w dyfuzyjnych i czas\u00f3w relaksacji oraz bada\u0144 zawarto\u015bci i w\u0142a\u015bciwo\u015bci fazy ciek\u0142ej w uk\u0142adach woda-grunt w szerokim zakresie temperatur. Cechuj\u0105 go niewielkie rozmiary umo\u017cliwiaj\u0105ce zamontowanie go na stole laboratoryjnym. Daje to mo\u017cliwo\u015b\u0107 badania czas\u00f3w relaksacji wilgotnych pr\u00f3bek gruntu w funkcji temperatury w zakresie min. Od -100\u2070C do 200\u2070C.<\/p>\n<div class=\"gdlr-shortcode-wrapper\"><div class=\"clear\"><\/div><div class=\"gdlr-item gdlr-divider-item\"  ><div class=\"gdlr-divider solid\"  style=\"width: 100%;\" ><\/div><\/div><\/div>\n<div class=\"gdlr-frame-shortcode gdlr-align-left\"><div class=\"gdlr-frame frame-type-border\" > <div class=\"gdlr-image-link-shortcode\" style=\"max-width: 100%\" ><img decoding=\"async\" src=\"http:\/\/csi.panschelm.edu.pl\/wp-content\/uploads\/2020\/06\/image25.jpeg\" alt=\" \" \/><a href=\"http:\/\/csi.panschelm.edu.pl\/wp-content\/uploads\/2020\/06\/image25.jpeg\"  data-rel=\"fancybox\"  target=\"_blank\" ><span class=\"gdlr-image-link-overlay\">&nbsp;<\/span><span class=\"gdlr-image-link-icon\"><i class=\"fa fa-search\" ><\/i><\/span><\/a><\/div><\/div><span class=\"gdlr-frame-caption\">Chromatograf cieczowy HPLC Azura, Knauer<\/span><\/div>\n<p>Kompletny zestaw HPLC Azura firmy Knauer do wysokosprawnej chromatografii cieczowej to bardzo kompaktowy, intuicyjny w obs\u0142udze zestaw umo\u017cliwiaj\u0105cy badanie sk\u0142adu roztwor\u00f3w. Jest to urz\u0105dzenie wielomodu\u0142owe, dzi\u0119ki czemu poszczeg\u00f3lne elementy mo\u017cna dobiera\u0107 do indywidualnych potrzeb w laboratorium. Wykorzystywany w bran\u017cy spo\u017cywczej i rolnej do okre\u015blenia zawarto\u015bci m.in. cukr\u00f3w, witamin, zwi\u0105zk\u00f3w azotowych czy kwas\u00f3w organicznych.<\/p>\n<div class=\"gdlr-shortcode-wrapper\"><div class=\"clear\"><\/div><div class=\"gdlr-item gdlr-divider-item\"  ><div class=\"gdlr-divider solid\"  style=\"width: 100%;\" ><\/div><\/div><\/div>\n<div class=\"gdlr-frame-shortcode gdlr-align-left\"><div class=\"gdlr-frame frame-type-border\" > <div class=\"gdlr-image-link-shortcode\" style=\"max-width: 100%\" ><img decoding=\"async\" src=\"http:\/\/csi.panschelm.edu.pl\/wp-content\/uploads\/2020\/06\/image26.png\" alt=\" \" \/><a href=\"http:\/\/csi.panschelm.edu.pl\/wp-content\/uploads\/2020\/06\/image26.png\"  data-rel=\"fancybox\"  target=\"_blank\" ><span class=\"gdlr-image-link-overlay\">&nbsp;<\/span><span class=\"gdlr-image-link-icon\"><i class=\"fa fa-search\" ><\/i><\/span><\/a><\/div><\/div><span class=\"gdlr-frame-caption\">Analizator elementarny CHNS+ O serii FLASH 2000, Thermo Scientific<\/span><\/div>\n<p>Analizatory serii FLASH 2000 to urz\u0105dzenia do Organicznej Analizy Elementarnej (OEA) wykorzystuj\u0105ce metod\u0119 dynamicznego, pe\u0142nego spalania pr\u00f3bek (r\u00f3\u017cnego pochodzenia, organicznych, nieorganicznych) w piecu redukcyjno- utleniaj\u0105cym z elektronicznie sterowan\u0105 temperatur\u0105, separacji powstaj\u0105cych gaz\u00f3w na kolumnie i ich detekcji na wysokiej czu\u0142o\u015bci detektorze termoprzewodno\u015bciowym. Wykorzystywany w przemy\u015ble rolnym (do badania m.in. pr\u00f3bek gleby, ska\u0142, ro\u015blin), w przemy\u015ble spo\u017cywczym (m\u0105ki, makarony, zbo\u017ca), w petrochemii (w\u0119giel, biomasa) czy farmacji.<\/p>\n<div class=\"gdlr-shortcode-wrapper\"><div class=\"clear\"><\/div><div class=\"gdlr-item gdlr-divider-item\"  ><div class=\"gdlr-divider solid\"  style=\"width: 100%;\" ><\/div><\/div><\/div>\n<div class=\"gdlr-frame-shortcode gdlr-align-left\"><div class=\"gdlr-frame frame-type-border\" > <div class=\"gdlr-image-link-shortcode\" style=\"max-width: 100%\" ><img decoding=\"async\" src=\"http:\/\/csi.panschelm.edu.pl\/wp-content\/uploads\/2020\/06\/image27.jpeg\" alt=\" \" \/><a href=\"http:\/\/csi.panschelm.edu.pl\/wp-content\/uploads\/2020\/06\/image27.jpeg\"  data-rel=\"fancybox\"  target=\"_blank\" ><span class=\"gdlr-image-link-overlay\">&nbsp;<\/span><span class=\"gdlr-image-link-icon\"><i class=\"fa fa-search\" ><\/i><\/span><\/a><\/div><\/div><span class=\"gdlr-frame-caption\">Mineralizator mikrofalowy, wysokoci\u015bnieniowy Ethos Easy, Milestone<\/span><\/div>\n<p>Nowy ETHOS EASY jest wyposa\u017cony w najnowocze\u015bniejsze, \u0142atwe w obs\u0142udze czujniki reakcji do pe\u0142nej kontroli jako\u015bci warunk\u00f3w mineralizacji. W po\u0142\u0105czeniu z innowacyjn\u0105 technologi\u0105 naczy\u0144 \u2018wentyluj-i-uszczelnij\u2019, czujniki gwarantuj\u0105 kompletn\u0105 I bezpieczn\u0105 mineralizacj\u0119 bez \u017cadnych strat lotnych zwi\u0105zk\u00f3w. Ci\u0105gle uaktualniane noty aplikacyjne, biblioteka dost\u0119pnych artyku\u0142\u00f3w naukowych oraz sekcja pomocy on-line pozwalaj\u0105 zapewni\u0107 u\u017cytkownikom wsparcie 24 godziny dziennie i 7 dni w tygodniu.<\/p>\n<div class=\"gdlr-shortcode-wrapper\"><div class=\"clear\"><\/div><div class=\"gdlr-item gdlr-divider-item\"  ><div class=\"gdlr-divider solid\"  style=\"width: 100%;\" ><\/div><\/div><\/div>\n<div class=\"gdlr-frame-shortcode gdlr-align-left\"><div class=\"gdlr-frame frame-type-border\" > <div class=\"gdlr-image-link-shortcode\" style=\"max-width: 100%\" ><img decoding=\"async\" src=\"http:\/\/csi.panschelm.edu.pl\/wp-content\/uploads\/2020\/06\/image28.jpg\" alt=\" \" \/><a href=\"http:\/\/csi.panschelm.edu.pl\/wp-content\/uploads\/2020\/06\/image28.jpg\"  data-rel=\"fancybox\"  target=\"_blank\" ><span class=\"gdlr-image-link-overlay\">&nbsp;<\/span><span class=\"gdlr-image-link-icon\"><i class=\"fa fa-search\" ><\/i><\/span><\/a><\/div><\/div><span class=\"gdlr-frame-caption\">Mineralizator z grzaniem na podczerwie\u0144 InKjel 625P, Behrotest<\/span><\/div>\n<p>Zestaw s\u0142u\u017cy do oznaczania zawarto\u015bci bia\u0142ka\/ azotu metod\u0105 Kjeldahla. Przy jej zastosowaniu azot zwi\u0105zany w zwi\u0105zkach organicznych jest przekszta\u0142cany w posta\u0107 amonow\u0105 (mineralizowany) i analizowany \u0142\u0105cznie ze zwi\u0105zkami amonowymi obecnymi w pr\u00f3bce. Zestaw wykorzystuje si\u0119 do bada\u0144 gleb, w\u00f3d, produkt\u00f3w spo\u017cywczych<\/p>\n<div class=\"gdlr-shortcode-wrapper\"><div class=\"clear\"><\/div><div class=\"gdlr-item gdlr-divider-item\"  ><div class=\"gdlr-divider solid\"  style=\"width: 100%;\" ><\/div><\/div><\/div>\n<div class=\"gdlr-frame-shortcode gdlr-align-left\"><div class=\"gdlr-frame frame-type-border\" > <div class=\"gdlr-image-link-shortcode\" style=\"max-width: 100%\" ><img decoding=\"async\" src=\"http:\/\/csi.panschelm.edu.pl\/wp-content\/uploads\/2020\/06\/image29.jpeg\" alt=\" \" \/><a href=\"http:\/\/csi.panschelm.edu.pl\/wp-content\/uploads\/2020\/06\/image29.jpeg\"  data-rel=\"fancybox\"  target=\"_blank\" ><span class=\"gdlr-image-link-overlay\">&nbsp;<\/span><span class=\"gdlr-image-link-icon\"><i class=\"fa fa-search\" ><\/i><\/span><\/a><\/div><\/div><span class=\"gdlr-frame-caption\">System odci\u0105gu i neutralizacji opar\u00f3w Behrosog 3, Behrotest<\/span><\/div>\n<div class=\"gdlr-shortcode-wrapper\"><div class=\"clear\"><\/div><div class=\"gdlr-item gdlr-divider-item\"  ><div class=\"gdlr-divider solid\"  style=\"width: 100%;\" ><\/div><\/div><\/div>\n<div class=\"gdlr-frame-shortcode gdlr-align-left\"><div class=\"gdlr-frame frame-type-border\" > <div class=\"gdlr-image-link-shortcode\" style=\"max-width: 100%\" ><img decoding=\"async\" src=\"http:\/\/csi.panschelm.edu.pl\/wp-content\/uploads\/2020\/06\/image30.jpeg\" alt=\" \" \/><a href=\"http:\/\/csi.panschelm.edu.pl\/wp-content\/uploads\/2020\/06\/image30.jpeg\"  data-rel=\"fancybox\"  target=\"_blank\" ><span class=\"gdlr-image-link-overlay\">&nbsp;<\/span><span class=\"gdlr-image-link-icon\"><i class=\"fa fa-search\" ><\/i><\/span><\/a><\/div><\/div><span class=\"gdlr-frame-caption\">Aparat do destylacji z par\u0105 wodn\u0105 S5, Behrotest<\/span><\/div>\n<div class=\"gdlr-shortcode-wrapper\"><div class=\"clear\"><\/div><div class=\"gdlr-item gdlr-divider-item\"  ><div class=\"gdlr-divider solid\"  style=\"width: 100%;\" ><\/div><\/div><\/div>\n<div class=\"gdlr-frame-shortcode gdlr-align-left\"><div class=\"gdlr-frame frame-type-border\" > <div class=\"gdlr-image-link-shortcode\" style=\"max-width: 100%\" ><img decoding=\"async\" src=\"http:\/\/csi.panschelm.edu.pl\/wp-content\/uploads\/2020\/06\/image31.png\" alt=\" \" \/><a href=\"http:\/\/csi.panschelm.edu.pl\/wp-content\/uploads\/2020\/06\/image31.png\"  data-rel=\"fancybox\"  target=\"_blank\" ><span class=\"gdlr-image-link-overlay\">&nbsp;<\/span><span class=\"gdlr-image-link-icon\"><i class=\"fa fa-search\" ><\/i><\/span><\/a><\/div><\/div><span class=\"gdlr-frame-caption\">Jednoczesny spektrometr ICP Arcos<\/span><\/div>\n<p>Jednoczesny spektrometr ICP najwy\u017cszej rozdzielczo\u015bci na rynku o wzbudzeniu plazmowym z unikalnym, opatentowanym systemem optycznym w wykonaniu z plazm\u0105 poziom\u0105 i pionow\u0105. Spektrometry z plazm\u0105 indukcyjnie sprz\u0119\u017con\u0105 ICP-OES (Inductively Coupled Plasma) znajduj\u0105 zastosowanie wsz\u0119dzie tam, gdzie zachodzi potrzeba wykrycia najmniejszych zawarto\u015bci substancji potrzebnych lub szkodliwych (np. przemys\u0142 spo\u017cywczy, analiza wody pitnej, analiza \u015bciek\u00f3w, analiza gleby itp.) lub matryca analizowanej pr\u00f3by jest skomplikowana lub bardzo nietypowa.<\/p>\n","protected":false},"excerpt":{"rendered":"<p>Wyposa\u017cenie: Automatyczny aparat do barwienia preparat\u00f3w metod\u0105 Grama PREVI Color Gram Spektrofotometr UV\/VIS UV-2600 Spektrofotometr bliskiej podczerwieni SpectraAlyzer 2.0 Spektroskopia FT-IR, IRAffinity-1 Spektrofotometr do analizy sk\u0142adu chemicznego metod\u0105 wzbudzania promieniowaniem rentgenowskim, EDX 7000 Chromatograf gazowy ze spektrometrem mas GCMS-TQ8040 Chromatograf gazowy GC-2010 Plus Spektrometr absorpcji atomowej AA-7000 Spektrofotometr TD-NMR MiniSpec mq20 Chromatograf cieczowy Azura Analizator&#8230; <\/p>\n<div class=\"clear\"><\/div>\n<p><a href=\"https:\/\/csi.panschelm.edu.pl\/?page_id=5259\" class=\"excerpt-read-more\">Czytaj wi\u0119cej<i class=\"fa fa-angle-double-right icon-double-angle-right\"><\/i><\/a><\/p>\n","protected":false},"author":1,"featured_media":0,"parent":0,"menu_order":0,"comment_status":"closed","ping_status":"closed","template":"","meta":{"footnotes":""},"class_list":["post-5259","page","type-page","status-publish","hentry"],"_links":{"self":[{"href":"https:\/\/csi.panschelm.edu.pl\/index.php?rest_route=\/wp\/v2\/pages\/5259","targetHints":{"allow":["GET"]}}],"collection":[{"href":"https:\/\/csi.panschelm.edu.pl\/index.php?rest_route=\/wp\/v2\/pages"}],"about":[{"href":"https:\/\/csi.panschelm.edu.pl\/index.php?rest_route=\/wp\/v2\/types\/page"}],"author":[{"embeddable":true,"href":"https:\/\/csi.panschelm.edu.pl\/index.php?rest_route=\/wp\/v2\/users\/1"}],"replies":[{"embeddable":true,"href":"https:\/\/csi.panschelm.edu.pl\/index.php?rest_route=%2Fwp%2Fv2%2Fcomments&post=5259"}],"version-history":[{"count":5,"href":"https:\/\/csi.panschelm.edu.pl\/index.php?rest_route=\/wp\/v2\/pages\/5259\/revisions"}],"predecessor-version":[{"id":5282,"href":"https:\/\/csi.panschelm.edu.pl\/index.php?rest_route=\/wp\/v2\/pages\/5259\/revisions\/5282"}],"wp:attachment":[{"href":"https:\/\/csi.panschelm.edu.pl\/index.php?rest_route=%2Fwp%2Fv2%2Fmedia&parent=5259"}],"curies":[{"name":"wp","href":"https:\/\/api.w.org\/{rel}","templated":true}]}}