{"id":5016,"date":"2020-06-25T08:12:05","date_gmt":"2020-06-25T06:12:05","guid":{"rendered":"http:\/\/csi.pwszchelm.edu.pl\/?page_id=5016"},"modified":"2020-06-25T08:14:24","modified_gmt":"2020-06-25T06:14:24","slug":"laboratorium-badan-klimatycznych","status":"publish","type":"page","link":"https:\/\/csi.panschelm.edu.pl\/?page_id=5016","title":{"rendered":"Laboratorium Bada\u0144 Klimatycznych"},"content":{"rendered":"<p><strong>Wyposa\u017cenie laboratorium:<\/strong><\/p>\n<div class=\"gdlr-shortcode-wrapper\"><div class=\"clear\"><\/div><div class=\"gdlr-item gdlr-divider-item\"  ><div class=\"gdlr-divider solid\"  style=\"width: 100%;\" ><\/div><\/div><\/div>\n<div class=\"gdlr-frame-shortcode gdlr-align-left\"><div class=\"gdlr-frame frame-type-border\" > <div class=\"gdlr-image-link-shortcode\" style=\"max-width: 100%\" ><img decoding=\"async\" src=\"http:\/\/csi.panschelm.edu.pl\/wp-content\/uploads\/2020\/06\/kom_image1.jpg\" alt=\" \" \/><a href=\"http:\/\/csi.panschelm.edu.pl\/wp-content\/uploads\/2020\/06\/kom_image1.jpg\"  data-rel=\"fancybox\"  target=\"_blank\" ><span class=\"gdlr-image-link-overlay\">&nbsp;<\/span><span class=\"gdlr-image-link-icon\"><i class=\"fa fa-search\" ><\/i><\/span><\/a><\/div><\/div><span class=\"gdlr-frame-caption\">komora klimatyczna WK 216\u2019 Weiss Umwelttechnik<\/span><\/div>\n<div class=\"gdlr-frame-shortcode gdlr-align-left\"><div class=\"gdlr-frame frame-type-border\" > <div class=\"gdlr-image-link-shortcode\" style=\"max-width: 100%\" ><img decoding=\"async\" src=\"http:\/\/csi.panschelm.edu.pl\/wp-content\/uploads\/2020\/06\/kom_image2.jpg\" alt=\" \" \/><a href=\"http:\/\/csi.panschelm.edu.pl\/wp-content\/uploads\/2020\/06\/kom_image2.jpg\"  data-rel=\"fancybox\"  target=\"_blank\" ><span class=\"gdlr-image-link-overlay\">&nbsp;<\/span><span class=\"gdlr-image-link-icon\"><i class=\"fa fa-search\" ><\/i><\/span><\/a><\/div><\/div><span class=\"gdlr-frame-caption\">komora klimatyczna WK 216\u2019 Weiss Umwelttechnik<\/span><\/div>\n<p>Komora klimatyczna WK 216<sup>\u2019 <\/sup>umo\u017cliwia prowadzenie bada\u0144 trwa\u0142o\u015bciowych, a tak\u017ce testowanie element\u00f3w konstrukcyjnych, podzespo\u0142\u00f3w samochodowych, oraz lotniczych\u00a0 w warunkach szoku termicznego. Dodatkowo mo\u017cliwe jest utrzymanie pod kontrol\u0105 przez dowolny czas oraz monitorowanie i rejestrowanie klimatu (temperatury i wilgotno\u015bci powietrza) w dowolnie ustalonych zakresach.<\/p>\n<p>&nbsp;<\/p>\n","protected":false},"excerpt":{"rendered":"<p>Wyposa\u017cenie laboratorium: Komora klimatyczna WK 216\u2019 umo\u017cliwia prowadzenie bada\u0144 trwa\u0142o\u015bciowych, a tak\u017ce testowanie element\u00f3w konstrukcyjnych, podzespo\u0142\u00f3w samochodowych, oraz lotniczych\u00a0 w warunkach szoku termicznego. Dodatkowo mo\u017cliwe jest utrzymanie pod kontrol\u0105 przez dowolny czas oraz monitorowanie i rejestrowanie klimatu (temperatury i wilgotno\u015bci powietrza) w dowolnie ustalonych zakresach. &nbsp;<\/p>\n","protected":false},"author":1,"featured_media":0,"parent":0,"menu_order":0,"comment_status":"closed","ping_status":"closed","template":"","meta":{"footnotes":""},"class_list":["post-5016","page","type-page","status-publish","hentry"],"_links":{"self":[{"href":"https:\/\/csi.panschelm.edu.pl\/index.php?rest_route=\/wp\/v2\/pages\/5016","targetHints":{"allow":["GET"]}}],"collection":[{"href":"https:\/\/csi.panschelm.edu.pl\/index.php?rest_route=\/wp\/v2\/pages"}],"about":[{"href":"https:\/\/csi.panschelm.edu.pl\/index.php?rest_route=\/wp\/v2\/types\/page"}],"author":[{"embeddable":true,"href":"https:\/\/csi.panschelm.edu.pl\/index.php?rest_route=\/wp\/v2\/users\/1"}],"replies":[{"embeddable":true,"href":"https:\/\/csi.panschelm.edu.pl\/index.php?rest_route=%2Fwp%2Fv2%2Fcomments&post=5016"}],"version-history":[{"count":1,"href":"https:\/\/csi.panschelm.edu.pl\/index.php?rest_route=\/wp\/v2\/pages\/5016\/revisions"}],"predecessor-version":[{"id":5019,"href":"https:\/\/csi.panschelm.edu.pl\/index.php?rest_route=\/wp\/v2\/pages\/5016\/revisions\/5019"}],"wp:attachment":[{"href":"https:\/\/csi.panschelm.edu.pl\/index.php?rest_route=%2Fwp%2Fv2%2Fmedia&parent=5016"}],"curies":[{"name":"wp","href":"https:\/\/api.w.org\/{rel}","templated":true}]}}