{"id":4270,"date":"2019-09-13T08:52:34","date_gmt":"2019-09-13T06:52:34","guid":{"rendered":"http:\/\/csi.pwszchelm.edu.pl\/?page_id=4270"},"modified":"2021-05-10T14:24:11","modified_gmt":"2021-05-10T12:24:11","slug":"laboratorium-obrobki-cieplno-chemicznej","status":"publish","type":"page","link":"https:\/\/csi.panschelm.edu.pl\/?page_id=4270","title":{"rendered":"Laboratorium Obr\u00f3bki Cieplno-Chemicznej"},"content":{"rendered":"<p>Laboratorium daje mo\u017cliwo\u015b\u0107 prowadzenia proces\u00f3w obr\u00f3bki cieplnej tj. hartowania, odpuszczania, wy\u017carzania, przesycania i starzenia. Umo\u017cliwia tak\u017ce realizacj\u0119 zabieg\u00f3w obr\u00f3bki cieplno-chemicznej: naw\u0119glania, azotowania oraz sprawdzenie twardo\u015bci po wy\u017cej wymienionych obr\u00f3bkach.<\/p>\n<h3 class=\"gdlr-heading-shortcode \"  style=\"font-size: 24px;font-weight: normal;\" >Wyposa\u017cenie:<\/h3>\n<div class=\"clear\"><\/div><div class=\"gdlr-space\" style=\"margin-top: 40px;\"><\/div>\n<div class=\"gdlr-frame-shortcode gdlr-align-left\"><div class=\"gdlr-frame frame-type-border\" > <div class=\"gdlr-image-link-shortcode\" style=\"max-width: 100%\" ><img decoding=\"async\" src=\"http:\/\/csi.panschelm.edu.pl\/wp-content\/uploads\/2020\/06\/Piec-elektryczny-wg\u0142\u0119bny-retorowy-SECO-WARWICK-VRNe-45.80-750-1.5-ZF.jpg\" alt=\" \" \/><a href=\"http:\/\/csi.panschelm.edu.pl\/wp-content\/uploads\/2020\/06\/Piec-elektryczny-wg\u0142\u0119bny-retorowy-SECO-WARWICK-VRNe-45.80-750-1.5-ZF.jpg\"  data-rel=\"fancybox\"  target=\"_blank\" ><span class=\"gdlr-image-link-overlay\">&nbsp;<\/span><span class=\"gdlr-image-link-icon\"><i class=\"fa fa-search\" ><\/i><\/span><\/a><\/div><\/div><span class=\"gdlr-frame-caption\">Piec do obr\u00f3bki cieplno-chemicznej stali <\/span><\/div>\n<p>Piec do obr\u00f3bki cieplno-chemicznej stali umo\u017cliwia realizacj\u0119 procesu azotowania, azotonaw\u0119glania i oksydacji. Producent wykorzystuje w piecu najnowsz\u0105 technologi\u0119 azotowania ZeroFlow, dzi\u0119ki czemu w procesie jest wykorzystywane du\u017co mniej amoniaku, Dr in\u017c. Jerzy J\u00f3zwik, mgr in\u017c. Tomasz Bondaruk, mgr in\u017c. Kamil Gawkowski CSI PWSZ w Che\u0142mie a tak\u017ce azotu w por\u00f3wnaniu do azotowania dwugazowego (amoniak + azot lub amoniak + NH3 zdys.). Znacz\u0105co wp\u0142ywa to na zmniejszenie koszt\u00f3w eksploatacji pieca przy zachowaniu tych samych rezultat\u00f3w jak przy innych metodach azotowania gazowego.<\/p>\n<div class=\"gdlr-shortcode-wrapper\"><div class=\"clear\"><\/div><div class=\"gdlr-item gdlr-divider-item\"  ><div class=\"gdlr-divider solid\"  style=\"width: 100%;\" ><\/div><\/div><\/div>\n<div class=\"gdlr-frame-shortcode gdlr-align-left\"><div class=\"gdlr-frame frame-type-border\" > <div class=\"gdlr-image-link-shortcode\" style=\"max-width: 100%\" ><img decoding=\"async\" src=\"http:\/\/csi.panschelm.edu.pl\/wp-content\/uploads\/2020\/06\/Piec-komorowy-Czylok.pgromadzki.jpg\" alt=\" \" \/><a href=\"http:\/\/csi.panschelm.edu.pl\/wp-content\/uploads\/2020\/06\/Piec-komorowy-Czylok.pgromadzki.jpg\"  data-rel=\"fancybox\"  target=\"_blank\" ><span class=\"gdlr-image-link-overlay\">&nbsp;<\/span><span class=\"gdlr-image-link-icon\"><i class=\"fa fa-search\" ><\/i><\/span><\/a><\/div><\/div><span class=\"gdlr-frame-caption\">Elektryczny piec komorowy typ SK7-1000-N2 <\/span><\/div>\n<p>Elektryczny piec komorowy typ SK7-1000-N2 s\u0142u\u017cy do podgrzewania i wytrzymania wsadu w maksymalnej temperaturze do 1000\u00b0C w atmosferze azotu. Piec jest wyposa\u017cony w olejow\u0105 wann\u0119 hartownicz\u0105 i zbiornik na wod\u0119 do ch\u0142odzenia uszczelek drzwi. Dodatkowo posiada mo\u017cliwo\u015b\u0107 bezpo\u015bredniego zrzutu materia\u0142u do komory z olejem.<\/p>\n<div class=\"gdlr-shortcode-wrapper\"><div class=\"clear\"><\/div><div class=\"gdlr-item gdlr-divider-item\"  ><div class=\"gdlr-divider solid\"  style=\"width: 100%;\" ><\/div><\/div><\/div>\n<div class=\"gdlr-frame-shortcode gdlr-align-left\"><div class=\"gdlr-frame frame-type-border\" > <div class=\"gdlr-image-link-shortcode\" style=\"max-width: 100%\" ><img decoding=\"async\" src=\"http:\/\/csi.panschelm.edu.pl\/wp-content\/uploads\/2020\/06\/Piec-indukcyjny-ATGR-15-100.jpg\" alt=\" \" \/><a href=\"http:\/\/csi.panschelm.edu.pl\/wp-content\/uploads\/2020\/06\/Piec-indukcyjny-ATGR-15-100.jpg\"  data-rel=\"fancybox\"  target=\"_blank\" ><span class=\"gdlr-image-link-overlay\">&nbsp;<\/span><span class=\"gdlr-image-link-icon\"><i class=\"fa fa-search\" ><\/i><\/span><\/a><\/div><\/div><span class=\"gdlr-frame-caption\">Nagrzewnice indukcyjne <\/span><\/div>\n<p>Nagrzewnice indukcyjne znajduj\u0105 zastosowanie w wielu ga\u0142\u0119ziach przemys\u0142u takich jak (Hutnictwo , odlewnictwo, rzemios\u0142o, maszyny g\u00f3rnicze, rolnicze i metalurgia). Procesy w kt\u00f3rych maj\u0105 zastosowanie to: lutowanie indukcyjne, nagrzewanie sko\u015bne metali, nagrzewanie indukcyjne metali przed hartowaniem, hartowanie powierzchniowe metali, utwardzanie. Nagrzewnice indukcyjne pozwalaj\u0105 na grzanie r\u00f3\u017cnych element\u00f3w w zale\u017cno\u015bci od potrzeb klienta. Mog\u0105 to by\u0107 mi\u0119dzy innymi: bloczki o r\u00f3\u017cnych kszta\u0142tach i wymiarach, p\u0142askowniki, rury, pr\u0119ty, druty.<\/p>\n<div class=\"gdlr-shortcode-wrapper\"><div class=\"clear\"><\/div><div class=\"gdlr-item gdlr-divider-item\"  ><div class=\"gdlr-divider solid\"  style=\"width: 100%;\" ><\/div><\/div><\/div>\n<div class=\"gdlr-frame-shortcode gdlr-align-left\"><div class=\"gdlr-frame frame-type-border\" > <div class=\"gdlr-image-link-shortcode\" style=\"max-width: 100%\" ><img decoding=\"async\" src=\"http:\/\/csi.panschelm.edu.pl\/wp-content\/uploads\/2020\/06\/Piec-indukcyjny-mulowy-SNOL.pgromadzki.jpg\" alt=\" \" \/><a href=\"http:\/\/csi.panschelm.edu.pl\/wp-content\/uploads\/2020\/06\/Piec-indukcyjny-mulowy-SNOL.pgromadzki.jpg\"  data-rel=\"fancybox\"  target=\"_blank\" ><span class=\"gdlr-image-link-overlay\">&nbsp;<\/span><span class=\"gdlr-image-link-icon\"><i class=\"fa fa-search\" ><\/i><\/span><\/a><\/div><\/div><span class=\"gdlr-frame-caption\">Piec Snol 8,2\/1100 <\/span><\/div>\n<p>Piec Snol 8,2\/1100 jest uniwersalnym laboratoryjnym piecem wysokotemperaturowym posiadaj\u0105cym komor\u0119 w postaci szczelnej, pr\u00f3\u017cniowo formowanej mufli. Piece te znajduj\u0105 zastosowanie w laboratoriach medycznych, instytut\u00f3w naukowych, ceramicznych\u00a0 i przemys\u0142owych. Charakteryzuj\u0105 si\u0119 kr\u00f3tkim czasem rozgrzewania, ma\u0142ym zu\u017cyciem energii, precyzyjn\u0105 regulacj\u0105 temperatury.<\/p>\n<div class=\"gdlr-shortcode-wrapper\"><div class=\"clear\"><\/div><div class=\"gdlr-item gdlr-divider-item\"  ><div class=\"gdlr-divider solid\"  style=\"width: 100%;\" ><\/div><\/div><\/div>\n<div class=\"gdlr-frame-shortcode gdlr-align-left\"><div class=\"gdlr-frame frame-type-border\" > <div class=\"gdlr-image-link-shortcode\" style=\"max-width: 100%\" ><img decoding=\"async\" src=\"http:\/\/csi.panschelm.edu.pl\/wp-content\/uploads\/2020\/06\/Szlifierka-poleruj\u0105ca.pgromadzki.jpg\" alt=\" \" \/><a href=\"http:\/\/csi.panschelm.edu.pl\/wp-content\/uploads\/2020\/06\/Szlifierka-poleruj\u0105ca.pgromadzki.jpg\"  data-rel=\"fancybox\"  target=\"_blank\" ><span class=\"gdlr-image-link-overlay\">&nbsp;<\/span><span class=\"gdlr-image-link-icon\"><i class=\"fa fa-search\" ><\/i><\/span><\/a><\/div><\/div><span class=\"gdlr-frame-caption\">Urz\u0105dzenie do szlifowania i polerowania <\/span><\/div>\n<p>Urz\u0105dzenie do szlifowania i polerowania pr\u00f3bek przeznaczonych do bada\u0144 metalograficznych.<\/p>\n<div class=\"gdlr-shortcode-wrapper\"><div class=\"clear\"><\/div><div class=\"gdlr-item gdlr-divider-item\"  ><div class=\"gdlr-divider solid\"  style=\"width: 100%;\" ><\/div><\/div><\/div>\n<div class=\"gdlr-frame-shortcode gdlr-align-left\"><div class=\"gdlr-frame frame-type-border\" > <div class=\"gdlr-image-link-shortcode\" style=\"max-width: 100%\" ><img decoding=\"async\" src=\"http:\/\/csi.panschelm.edu.pl\/wp-content\/uploads\/2021\/05\/Laboratorium-Obrobki-Cieplno-Chemicznej1-scaled.jpg\" alt=\" \" \/><a href=\"http:\/\/csi.panschelm.edu.pl\/wp-content\/uploads\/2021\/05\/Laboratorium-Obrobki-Cieplno-Chemicznej1-scaled.jpg\"  data-rel=\"fancybox\"  target=\"_blank\" ><span class=\"gdlr-image-link-overlay\">&nbsp;<\/span><span class=\"gdlr-image-link-icon\"><i class=\"fa fa-search\" ><\/i><\/span><\/a><\/div><\/div><span class=\"gdlr-frame-caption\">Elektryczny Piec hartowniczy SECO WARWICK SK7-1000<\/span><\/div>\n<div class=\"gdlr-shortcode-wrapper\"><div class=\"clear\"><\/div><div class=\"gdlr-item gdlr-divider-item\"  ><div class=\"gdlr-divider solid\"  style=\"width: 100%;\" ><\/div><\/div><\/div>\n","protected":false},"excerpt":{"rendered":"<p>Laboratorium daje mo\u017cliwo\u015b\u0107 prowadzenia proces\u00f3w obr\u00f3bki cieplnej tj. hartowania, odpuszczania, wy\u017carzania, przesycania i starzenia. Umo\u017cliwia tak\u017ce realizacj\u0119 zabieg\u00f3w obr\u00f3bki cieplno-chemicznej: naw\u0119glania, azotowania oraz sprawdzenie twardo\u015bci po wy\u017cej wymienionych obr\u00f3bkach. Piec do obr\u00f3bki cieplno-chemicznej stali umo\u017cliwia realizacj\u0119 procesu azotowania, azotonaw\u0119glania i oksydacji. Producent wykorzystuje w piecu najnowsz\u0105 technologi\u0119 azotowania ZeroFlow, dzi\u0119ki czemu w procesie jest wykorzystywane&#8230; <\/p>\n<div class=\"clear\"><\/div>\n<p><a href=\"https:\/\/csi.panschelm.edu.pl\/?page_id=4270\" class=\"excerpt-read-more\">Czytaj wi\u0119cej<i class=\"fa fa-angle-double-right icon-double-angle-right\"><\/i><\/a><\/p>\n","protected":false},"author":1,"featured_media":4271,"parent":0,"menu_order":0,"comment_status":"closed","ping_status":"closed","template":"","meta":{"footnotes":""},"class_list":["post-4270","page","type-page","status-publish","has-post-thumbnail","hentry"],"_links":{"self":[{"href":"https:\/\/csi.panschelm.edu.pl\/index.php?rest_route=\/wp\/v2\/pages\/4270","targetHints":{"allow":["GET"]}}],"collection":[{"href":"https:\/\/csi.panschelm.edu.pl\/index.php?rest_route=\/wp\/v2\/pages"}],"about":[{"href":"https:\/\/csi.panschelm.edu.pl\/index.php?rest_route=\/wp\/v2\/types\/page"}],"author":[{"embeddable":true,"href":"https:\/\/csi.panschelm.edu.pl\/index.php?rest_route=\/wp\/v2\/users\/1"}],"replies":[{"embeddable":true,"href":"https:\/\/csi.panschelm.edu.pl\/index.php?rest_route=%2Fwp%2Fv2%2Fcomments&post=4270"}],"version-history":[{"count":10,"href":"https:\/\/csi.panschelm.edu.pl\/index.php?rest_route=\/wp\/v2\/pages\/4270\/revisions"}],"predecessor-version":[{"id":5422,"href":"https:\/\/csi.panschelm.edu.pl\/index.php?rest_route=\/wp\/v2\/pages\/4270\/revisions\/5422"}],"wp:featuredmedia":[{"embeddable":true,"href":"https:\/\/csi.panschelm.edu.pl\/index.php?rest_route=\/wp\/v2\/media\/4271"}],"wp:attachment":[{"href":"https:\/\/csi.panschelm.edu.pl\/index.php?rest_route=%2Fwp%2Fv2%2Fmedia&parent=4270"}],"curies":[{"name":"wp","href":"https:\/\/api.w.org\/{rel}","templated":true}]}}