{"id":4252,"date":"2019-09-12T14:55:40","date_gmt":"2019-09-12T12:55:40","guid":{"rendered":"http:\/\/csi.pwszchelm.edu.pl\/?page_id=4252"},"modified":"2020-06-30T10:17:58","modified_gmt":"2020-06-30T08:17:58","slug":"laboratorium-wytrzymalosci-materialow","status":"publish","type":"page","link":"https:\/\/csi.panschelm.edu.pl\/?page_id=4252","title":{"rendered":"Laboratorium Wytrzyma\u0142o\u015bci Materia\u0142\u00f3w"},"content":{"rendered":"<p><img loading=\"lazy\" decoding=\"async\" class=\"aligncenter wp-image-4253 size-full\" src=\"http:\/\/csi.panschelm.edu.pl\/wp-content\/uploads\/2019\/09\/lab-wytrzymalosci-materialow.jpg\" alt=\"\" width=\"735\" height=\"528\" srcset=\"https:\/\/csi.panschelm.edu.pl\/wp-content\/uploads\/2019\/09\/lab-wytrzymalosci-materialow.jpg 735w, https:\/\/csi.panschelm.edu.pl\/wp-content\/uploads\/2019\/09\/lab-wytrzymalosci-materialow-300x216.jpg 300w\" sizes=\"auto, (max-width: 735px) 100vw, 735px\" \/><\/p>\n<p>Laboratorium Wytrzyma\u0142o\u015bci Materia\u0142\u00f3w umo\u017cliwia studentom, podczas wykonywania \u0107wicze\u0144, poznanie podstawowych technik pomiarowych z zakresu wytrzyma\u0142o\u015bci materia\u0142\u00f3w.<\/p>\n<p><strong>Wyposa\u017cenie:<\/strong><\/p>\n<ul>\n<li>Urz\u0105dzenie do badania wytrzyma\u0142o\u015bci na skr\u0119canie,<\/li>\n<li>Stanowisko do badania ugi\u0119cia belki<\/li>\n<li>Stanowisko do badania sprawno\u015bci \u015bruby,<\/li>\n<li>Stanowiska tensometryczne,<\/li>\n<li>Maszyna wytrzyma\u0142o\u015bciowa HT-23875SV100<\/li>\n<li>Maszyna wytrzyma\u0142o\u015bciowa HT-2402s,<\/li>\n<li>M\u0142ot Charpyego<\/li>\n<\/ul>\n<p><strong>Wykonywane \u0107wiczenia laboratoryjne:<\/strong><\/p>\n<ul>\n<li>\u00a0statycznej pr\u00f3by rozci\u0105gania metali z wykorzystaniem maszyny wytrzyma\u0142o\u015bciowej,<\/li>\n<li>\u00a0badania odkszta\u0142ce\u0144 i napr\u0119\u017ce\u0144 w belce przy czystym zginaniu w oparciu o uk\u0142ad\u00a0\u00a0\u00a0\u00a0 tensometryczny<\/li>\n<li>\u00a0badania rozk\u0142adu napr\u0119\u017ce\u0144 w przekroju poprzecznym mimo\u015brodowo rozci\u0105ganego pr\u0119ta z wykorzystaniem uk\u0142adu tensometrycznego i urz\u0105dzenia do odczytu napr\u0119\u017ce\u0144 z mo\u017cliwo\u015bci\u0105 zapisu komputerowego,<\/li>\n<li>analizy napr\u0119\u017ce\u0144 i wyznaczenia modu\u0142u spr\u0119\u017cysto\u015bci w rurze skr\u0119canej,<\/li>\n<li>pr\u00f3by wyboczenia spr\u0119\u017cystego pr\u0119t\u00f3w prostych,<\/li>\n<li>\u00a0wyznaczania charakterystyki spr\u0119\u017cyn,<\/li>\n<li>\u00a0wyznaczanie sprawno\u015bci \u015bruby<\/li>\n<li>\u00a0pr\u00f3by udarowego zginania za pomoc\u0105 m\u0142ota Charpy&#8217;ego .<\/li>\n<\/ul>\n<p>&nbsp;<\/p>\n<p>&nbsp;<\/p>\n<div class=\"gdlr-frame-shortcode gdlr-align-left\"><div class=\"gdlr-frame frame-type-border\" > <div class=\"gdlr-image-link-shortcode\" style=\"max-width: 100%\" ><img decoding=\"async\" src=\"http:\/\/csi.panschelm.edu.pl\/wp-content\/uploads\/2020\/06\/M\u0142ot-Charpyego.jpg\" alt=\" \" \/><a href=\"http:\/\/csi.panschelm.edu.pl\/wp-content\/uploads\/2020\/06\/M\u0142ot-Charpyego.jpg\"  data-rel=\"fancybox\"  target=\"_blank\" ><span class=\"gdlr-image-link-overlay\">&nbsp;<\/span><span class=\"gdlr-image-link-icon\"><i class=\"fa fa-search\" ><\/i><\/span><\/a><\/div><\/div><span class=\"gdlr-frame-caption\">M\u0142ot Charpy'ego Hung Ta HT304.1A  <\/span><\/div>\n<p>Urz\u0105dzanie przeznaczone jest do pomiaru i rejestracji momentu obrotowego r\u00f3\u017cnych element\u00f3w, kt\u00f3re w procesie badania s\u0105 skr\u0119cane w obu kierunkach w celu ustalenia ich parametr\u00f3w mechanicznych, maksymalnego momentu skr\u0119caj\u0105cego, oraz maksymalnego kata skr\u0119tu.<\/p>\n<div class=\"gdlr-shortcode-wrapper\"><div class=\"clear\"><\/div><div class=\"gdlr-item gdlr-divider-item\"  ><div class=\"gdlr-divider solid\"  style=\"width: 100%;\" ><\/div><\/div><\/div>\n<p>&nbsp;<\/p>\n<div class=\"gdlr-frame-shortcode gdlr-align-left\"><div class=\"gdlr-frame frame-type-border\" > <div class=\"gdlr-image-link-shortcode\" style=\"max-width: 100%\" ><img decoding=\"async\" src=\"http:\/\/csi.panschelm.edu.pl\/wp-content\/uploads\/2019\/09\/maszyna-do-prob-skrecania-time-group-inc-z-wyswietlaczem-cyfrowym-njs-02.jpg\" alt=\" \" \/><a href=\"http:\/\/csi.panschelm.edu.pl\/wp-content\/uploads\/2019\/09\/maszyna-do-prob-skrecania-time-group-inc-z-wyswietlaczem-cyfrowym-njs-02.jpg\"  data-rel=\"fancybox\"  target=\"_blank\" ><span class=\"gdlr-image-link-overlay\">&nbsp;<\/span><span class=\"gdlr-image-link-icon\"><i class=\"fa fa-search\" ><\/i><\/span><\/a><\/div><\/div><span class=\"gdlr-frame-caption\"> Maszyna do pr\u00f3b skr\u0119cania Time Group Inc z wy\u015bwietlaczem cyfrowym NJS-02  <\/span><\/div>\n<div class=\"gdlr-shortcode-wrapper\"><div class=\"clear\"><\/div><div class=\"gdlr-item gdlr-divider-item\"  ><div class=\"gdlr-divider solid\"  style=\"width: 100%;\" ><\/div><\/div><\/div>\n<div class=\"gdlr-frame-shortcode gdlr-align-left\"><div class=\"gdlr-frame frame-type-border\" > <div class=\"gdlr-image-link-shortcode\" style=\"max-width: 100%\" ><img decoding=\"async\" src=\"http:\/\/csi.panschelm.edu.pl\/wp-content\/uploads\/2020\/06\/Stanowisko-do-badania-ugi\u0119cia-belki.jpg\" alt=\" \" \/><a href=\"http:\/\/csi.panschelm.edu.pl\/wp-content\/uploads\/2020\/06\/Stanowisko-do-badania-ugi\u0119cia-belki.jpg\"  data-rel=\"fancybox\"  target=\"_blank\" ><span class=\"gdlr-image-link-overlay\">&nbsp;<\/span><span class=\"gdlr-image-link-icon\"><i class=\"fa fa-search\" ><\/i><\/span><\/a><\/div><\/div><span class=\"gdlr-frame-caption\"> Stanowisko do badania ugi\u0119cia belki <\/span><\/div>\n<div class=\"gdlr-shortcode-wrapper\"><div class=\"clear\"><\/div><div class=\"gdlr-item gdlr-divider-item\"  ><div class=\"gdlr-divider solid\"  style=\"width: 100%;\" ><\/div><\/div><\/div>\n<div class=\"gdlr-frame-shortcode gdlr-align-left\"><div class=\"gdlr-frame frame-type-border\" > <div class=\"gdlr-image-link-shortcode\" style=\"max-width: 100%\" ><img decoding=\"async\" src=\"http:\/\/csi.panschelm.edu.pl\/wp-content\/uploads\/2020\/06\/Stanowisko-do-badania-sprawno\u015bci-\u015bruby.jpg\" alt=\" \" \/><a href=\"http:\/\/csi.panschelm.edu.pl\/wp-content\/uploads\/2020\/06\/Stanowisko-do-badania-sprawno\u015bci-\u015bruby.jpg\"  data-rel=\"fancybox\"  target=\"_blank\" ><span class=\"gdlr-image-link-overlay\">&nbsp;<\/span><span class=\"gdlr-image-link-icon\"><i class=\"fa fa-search\" ><\/i><\/span><\/a><\/div><\/div><span class=\"gdlr-frame-caption\"> Stanowisko do badania sprawno\u015bci \u015bruby <\/span><\/div>\n<div class=\"gdlr-shortcode-wrapper\"><div class=\"clear\"><\/div><div class=\"gdlr-item gdlr-divider-item\"  ><div class=\"gdlr-divider solid\"  style=\"width: 100%;\" ><\/div><\/div><\/div>\n<div class=\"gdlr-frame-shortcode gdlr-align-left\"><div class=\"gdlr-frame frame-type-border\" > <div class=\"gdlr-image-link-shortcode\" style=\"max-width: 100%\" ><img decoding=\"async\" src=\"http:\/\/csi.panschelm.edu.pl\/wp-content\/uploads\/2020\/06\/Urz\u0105dzenie-do-badania-wytrzyma\u0142osci-na-skr\u0119canie.jpg\" alt=\" \" \/><a href=\"http:\/\/csi.panschelm.edu.pl\/wp-content\/uploads\/2020\/06\/Urz\u0105dzenie-do-badania-wytrzyma\u0142osci-na-skr\u0119canie.jpg\"  data-rel=\"fancybox\"  target=\"_blank\" ><span class=\"gdlr-image-link-overlay\">&nbsp;<\/span><span class=\"gdlr-image-link-icon\"><i class=\"fa fa-search\" ><\/i><\/span><\/a><\/div><\/div><span class=\"gdlr-frame-caption\"> Maszyna wytrzyma\u0142o\u015bciowa<\/span><\/div>\n<div class=\"gdlr-shortcode-wrapper\"><div class=\"clear\"><\/div><div class=\"gdlr-item gdlr-divider-item\"  ><div class=\"gdlr-divider solid\"  style=\"width: 100%;\" ><\/div><\/div><\/div>\n","protected":false},"excerpt":{"rendered":"<p>Laboratorium Wytrzyma\u0142o\u015bci Materia\u0142\u00f3w umo\u017cliwia studentom, podczas wykonywania \u0107wicze\u0144, poznanie podstawowych technik pomiarowych z zakresu wytrzyma\u0142o\u015bci materia\u0142\u00f3w. Wyposa\u017cenie: Urz\u0105dzenie do badania wytrzyma\u0142o\u015bci na skr\u0119canie, Stanowisko do badania ugi\u0119cia belki Stanowisko do badania sprawno\u015bci \u015bruby, Stanowiska tensometryczne, Maszyna wytrzyma\u0142o\u015bciowa HT-23875SV100 Maszyna wytrzyma\u0142o\u015bciowa HT-2402s, M\u0142ot Charpyego Wykonywane \u0107wiczenia laboratoryjne: \u00a0statycznej pr\u00f3by rozci\u0105gania metali z wykorzystaniem maszyny wytrzyma\u0142o\u015bciowej, \u00a0badania&#8230; <\/p>\n<div class=\"clear\"><\/div>\n<p><a href=\"https:\/\/csi.panschelm.edu.pl\/?page_id=4252\" class=\"excerpt-read-more\">Czytaj wi\u0119cej<i class=\"fa fa-angle-double-right icon-double-angle-right\"><\/i><\/a><\/p>\n","protected":false},"author":1,"featured_media":4253,"parent":0,"menu_order":0,"comment_status":"closed","ping_status":"closed","template":"","meta":{"footnotes":""},"class_list":["post-4252","page","type-page","status-publish","has-post-thumbnail","hentry"],"_links":{"self":[{"href":"https:\/\/csi.panschelm.edu.pl\/index.php?rest_route=\/wp\/v2\/pages\/4252","targetHints":{"allow":["GET"]}}],"collection":[{"href":"https:\/\/csi.panschelm.edu.pl\/index.php?rest_route=\/wp\/v2\/pages"}],"about":[{"href":"https:\/\/csi.panschelm.edu.pl\/index.php?rest_route=\/wp\/v2\/types\/page"}],"author":[{"embeddable":true,"href":"https:\/\/csi.panschelm.edu.pl\/index.php?rest_route=\/wp\/v2\/users\/1"}],"replies":[{"embeddable":true,"href":"https:\/\/csi.panschelm.edu.pl\/index.php?rest_route=%2Fwp%2Fv2%2Fcomments&post=4252"}],"version-history":[{"count":6,"href":"https:\/\/csi.panschelm.edu.pl\/index.php?rest_route=\/wp\/v2\/pages\/4252\/revisions"}],"predecessor-version":[{"id":5280,"href":"https:\/\/csi.panschelm.edu.pl\/index.php?rest_route=\/wp\/v2\/pages\/4252\/revisions\/5280"}],"wp:featuredmedia":[{"embeddable":true,"href":"https:\/\/csi.panschelm.edu.pl\/index.php?rest_route=\/wp\/v2\/media\/4253"}],"wp:attachment":[{"href":"https:\/\/csi.panschelm.edu.pl\/index.php?rest_route=%2Fwp%2Fv2%2Fmedia&parent=4252"}],"curies":[{"name":"wp","href":"https:\/\/api.w.org\/{rel}","templated":true}]}}