{"id":4241,"date":"2019-09-12T14:24:24","date_gmt":"2019-09-12T12:24:24","guid":{"rendered":"http:\/\/csi.pwszchelm.edu.pl\/?page_id=4241"},"modified":"2021-05-10T14:28:00","modified_gmt":"2021-05-10T12:28:00","slug":"laboratorium-ciecia-hydroabrazyjnego-i-plazmowego","status":"publish","type":"page","link":"https:\/\/csi.panschelm.edu.pl\/?page_id=4241","title":{"rendered":"Laboratorium Ci\u0119cia Hydroabrazyjnego i Plazmowego"},"content":{"rendered":"<p><strong>Wyposa\u017cenie laboratorium:<\/strong><\/p>\n<div class=\"gdlr-frame-shortcode gdlr-align-left\"><div class=\"gdlr-frame frame-type-border\" > <div class=\"gdlr-image-link-shortcode\" style=\"max-width: 100%\" ><img decoding=\"async\" src=\"http:\/\/csi.panschelm.edu.pl\/wp-content\/uploads\/2021\/05\/Ciecia-Hydroabrazyjnego-i-Plazmowego-1-scaled.jpg\" alt=\" \" \/><a href=\"http:\/\/csi.panschelm.edu.pl\/wp-content\/uploads\/2021\/05\/Ciecia-Hydroabrazyjnego-i-Plazmowego-1-scaled.jpg\"  data-rel=\"fancybox\"  target=\"_blank\" ><span class=\"gdlr-image-link-overlay\">&nbsp;<\/span><span class=\"gdlr-image-link-icon\"><i class=\"fa fa-search\" ><\/i><\/span><\/a><\/div><\/div><span class=\"gdlr-frame-caption\">Przecinarka portalowa do ci\u0119cia termicznego i strumieniem wody WaterJet Combo ze sterowaniem CNC 872 Eckret.<\/span><\/div>\n<p>Przecinarka dzi\u0119ki wykorzystaniu palnika plazmowego o mocy 45A posiada mo\u017cliwo\u015b\u0107 przecinania elektrycznie przewodz\u0105cych materia\u0142\u00f3w takich jak stale konstrukcyjne do grubo\u015bci 24 mm, oraz nierdzewne do grubo\u015bci 12mm. G\u0142owica doci\u0119cia wod\u0105 pod wysokim ci\u015bnieniem z dodatkiem \u015bcierniwa pozwala na przecinanie materia\u0142\u00f3w takich jak: wszystkie gatunki stali, metale nie\u017celazne, kamienie naturalne i sztuczne, szk\u0142o, ceramika, materia\u0142y kompozytowe.<\/p>\n<div class=\"gdlr-shortcode-wrapper\"><div class=\"clear\"><\/div><div class=\"gdlr-item gdlr-divider-item\"  ><div class=\"gdlr-divider solid\"  style=\"width: 100%;\" ><\/div><\/div><\/div>\n<div class=\"gdlr-frame-shortcode gdlr-align-left\"><div class=\"gdlr-frame frame-type-border\" > <div class=\"gdlr-image-link-shortcode\" style=\"max-width: 100%\" ><img decoding=\"async\" src=\"http:\/\/csi.panschelm.edu.pl\/wp-content\/uploads\/2021\/05\/Ciecia-Hydroabrazyjnego-i-Plazmowego-2-scaled.jpg\" alt=\" \" \/><a href=\"http:\/\/csi.panschelm.edu.pl\/wp-content\/uploads\/2021\/05\/Ciecia-Hydroabrazyjnego-i-Plazmowego-2-scaled.jpg\"  data-rel=\"fancybox\"  target=\"_blank\" ><span class=\"gdlr-image-link-overlay\">&nbsp;<\/span><span class=\"gdlr-image-link-icon\"><i class=\"fa fa-search\" ><\/i><\/span><\/a><\/div><\/div><span class=\"gdlr-frame-caption\">Przecinarka portalowa do ci\u0119cia termicznego i strumieniem wody WaterJet Combo ze sterowaniem CNC 872 Eckret.<\/span><\/div>\n<p>&nbsp;<\/p>\n","protected":false},"excerpt":{"rendered":"<p>Wyposa\u017cenie laboratorium: Przecinarka dzi\u0119ki wykorzystaniu palnika plazmowego o mocy 45A posiada mo\u017cliwo\u015b\u0107 przecinania elektrycznie przewodz\u0105cych materia\u0142\u00f3w takich jak stale konstrukcyjne do grubo\u015bci 24 mm, oraz nierdzewne do grubo\u015bci 12mm. G\u0142owica doci\u0119cia wod\u0105 pod wysokim ci\u015bnieniem z dodatkiem \u015bcierniwa pozwala na przecinanie materia\u0142\u00f3w takich jak: wszystkie gatunki stali, metale nie\u017celazne, kamienie naturalne i sztuczne, szk\u0142o, ceramika,&#8230; <\/p>\n<div class=\"clear\"><\/div>\n<p><a href=\"https:\/\/csi.panschelm.edu.pl\/?page_id=4241\" class=\"excerpt-read-more\">Czytaj wi\u0119cej<i class=\"fa fa-angle-double-right icon-double-angle-right\"><\/i><\/a><\/p>\n","protected":false},"author":1,"featured_media":4242,"parent":0,"menu_order":0,"comment_status":"closed","ping_status":"closed","template":"","meta":{"footnotes":""},"class_list":["post-4241","page","type-page","status-publish","has-post-thumbnail","hentry"],"_links":{"self":[{"href":"https:\/\/csi.panschelm.edu.pl\/index.php?rest_route=\/wp\/v2\/pages\/4241","targetHints":{"allow":["GET"]}}],"collection":[{"href":"https:\/\/csi.panschelm.edu.pl\/index.php?rest_route=\/wp\/v2\/pages"}],"about":[{"href":"https:\/\/csi.panschelm.edu.pl\/index.php?rest_route=\/wp\/v2\/types\/page"}],"author":[{"embeddable":true,"href":"https:\/\/csi.panschelm.edu.pl\/index.php?rest_route=\/wp\/v2\/users\/1"}],"replies":[{"embeddable":true,"href":"https:\/\/csi.panschelm.edu.pl\/index.php?rest_route=%2Fwp%2Fv2%2Fcomments&post=4241"}],"version-history":[{"count":4,"href":"https:\/\/csi.panschelm.edu.pl\/index.php?rest_route=\/wp\/v2\/pages\/4241\/revisions"}],"predecessor-version":[{"id":5425,"href":"https:\/\/csi.panschelm.edu.pl\/index.php?rest_route=\/wp\/v2\/pages\/4241\/revisions\/5425"}],"wp:featuredmedia":[{"embeddable":true,"href":"https:\/\/csi.panschelm.edu.pl\/index.php?rest_route=\/wp\/v2\/media\/4242"}],"wp:attachment":[{"href":"https:\/\/csi.panschelm.edu.pl\/index.php?rest_route=%2Fwp%2Fv2%2Fmedia&parent=4241"}],"curies":[{"name":"wp","href":"https:\/\/api.w.org\/{rel}","templated":true}]}}