{"id":4217,"date":"2019-09-11T15:02:21","date_gmt":"2019-09-11T13:02:21","guid":{"rendered":"http:\/\/csi.pwszchelm.edu.pl\/?page_id=4217"},"modified":"2020-06-25T10:52:36","modified_gmt":"2020-06-25T08:52:36","slug":"laboratorium-geodezji","status":"publish","type":"page","link":"https:\/\/csi.panschelm.edu.pl\/?page_id=4217","title":{"rendered":"Laboratorium Geodezji"},"content":{"rendered":"<p><img loading=\"lazy\" decoding=\"async\" class=\"aligncenter wp-image-4218 size-full\" src=\"http:\/\/csi.panschelm.edu.pl\/wp-content\/uploads\/2019\/09\/lab-geodezji.png\" alt=\"\" width=\"735\" height=\"491\" srcset=\"https:\/\/csi.panschelm.edu.pl\/wp-content\/uploads\/2019\/09\/lab-geodezji.png 735w, https:\/\/csi.panschelm.edu.pl\/wp-content\/uploads\/2019\/09\/lab-geodezji-300x200.png 300w\" sizes=\"auto, (max-width: 735px) 100vw, 735px\" \/><\/p>\n<p>&nbsp;<\/p>\n<p><strong>Wyposa\u017cenie laboratorium:<\/strong><\/p>\n<ul>\n<li>tachimetr Leica Viva TS11 Leica Geosystems,<\/li>\n<li>niwelator Sprinter 150M Leica Geosystems,<\/li>\n<li>wykrywacz instalacji podziemnych DIGICAT 650i Leica Geosystems,<\/li>\n<li>zestaw odbiornika ruchomego GNSS VIVA GS08plus Leica Geosystems.<\/li>\n<\/ul>\n<div class=\"clear\"><\/div><div class=\"gdlr-space\" style=\"margin-top: 40px;\"><\/div>\n<div class=\"gdlr-frame-shortcode gdlr-align-left\"><div class=\"gdlr-frame frame-type-border\" > <div class=\"gdlr-image-link-shortcode\" style=\"max-width: 100%\" ><img decoding=\"async\" src=\"http:\/\/csi.panschelm.edu.pl\/wp-content\/uploads\/2020\/06\/image2-3.png\" alt=\" \" \/><a href=\"http:\/\/csi.panschelm.edu.pl\/wp-content\/uploads\/2020\/06\/image2-3.png\"  data-rel=\"fancybox\"  target=\"_blank\" ><span class=\"gdlr-image-link-overlay\">&nbsp;<\/span><span class=\"gdlr-image-link-icon\"><i class=\"fa fa-search\" ><\/i><\/span><\/a><\/div><\/div><span class=\"gdlr-frame-caption\">TTachimetr Leica Viva TS11<\/span><\/div>\n<div class=\"gdlr-shortcode-wrapper\"><div class=\"clear\"><\/div><div class=\"gdlr-item gdlr-divider-item\"  ><div class=\"gdlr-divider solid\"  style=\"width: 100%;\" ><\/div><\/div><\/div>\n<div class=\"gdlr-frame-shortcode gdlr-align-left\"><div class=\"gdlr-frame frame-type-border\" > <div class=\"gdlr-image-link-shortcode\" style=\"max-width: 100%\" ><img decoding=\"async\" src=\"http:\/\/csi.panschelm.edu.pl\/wp-content\/uploads\/2019\/09\/niwelator-leica-geosystem-sprinter-150m.png\" alt=\" \" \/><a href=\"http:\/\/csi.panschelm.edu.pl\/wp-content\/uploads\/2019\/09\/niwelator-leica-geosystem-sprinter-150m.png\"  data-rel=\"fancybox\"  target=\"_blank\" ><span class=\"gdlr-image-link-overlay\">&nbsp;<\/span><span class=\"gdlr-image-link-icon\"><i class=\"fa fa-search\" ><\/i><\/span><\/a><\/div><\/div><span class=\"gdlr-frame-caption\">Niwelator Leica Geosystem Sprinter 150M <\/span><\/div>\n<p>Niwelator Sprinter 150M jest stosowany przy pomiarach r\u00f3\u017cnicy wysoko\u015bci (niwelacji) pomi\u0119dzy punktami terenowymi w budownictwie naziemnym, drogowym, topografii, architektury, budowy tuneli w kopalniach podziemnych i odkrywkowych.<\/p>\n<div class=\"gdlr-shortcode-wrapper\"><div class=\"clear\"><\/div><div class=\"gdlr-item gdlr-divider-item\"  ><div class=\"gdlr-divider solid\"  style=\"width: 100%;\" ><\/div><\/div><\/div>\n<div class=\"gdlr-frame-shortcode gdlr-align-left\"><div class=\"gdlr-frame frame-type-border\" > <div class=\"gdlr-image-link-shortcode\" style=\"max-width: 100%\" ><img decoding=\"async\" src=\"http:\/\/csi.panschelm.edu.pl\/wp-content\/uploads\/2020\/06\/image4-2.jpeg\" alt=\" \" \/><a href=\"http:\/\/csi.panschelm.edu.pl\/wp-content\/uploads\/2020\/06\/image4-2.jpeg\"  data-rel=\"fancybox\"  target=\"_blank\" ><span class=\"gdlr-image-link-overlay\">&nbsp;<\/span><span class=\"gdlr-image-link-icon\"><i class=\"fa fa-search\" ><\/i><\/span><\/a><\/div><\/div><span class=\"gdlr-frame-caption\">Zestaw odbiornika ruchomego GNSS VIVA GS08plus <\/span><\/div>\n<p>Leica V08plus to kompaktowy odbiornik GNSS, kt\u00f3ry jest stosowany do okre\u015blania szeroko\u015bci i d\u0142ugo\u015bci geograficznej<\/p>\n<div class=\"gdlr-shortcode-wrapper\"><div class=\"clear\"><\/div><div class=\"gdlr-item gdlr-divider-item\"  ><div class=\"gdlr-divider solid\"  style=\"width: 100%;\" ><\/div><\/div><\/div>\n<p><strong>Pozosta\u0142e wyposa\u017cenie:<\/strong><\/p>\n<ul>\n<li>Wykrywacz instalacji podziemnych Leica Geosystem DIGICAT 650i<\/li>\n<li>Odbiornik cyfrowy GPS Leica Geosystem GNSS VIVA GS08plus<\/li>\n<\/ul>\n<p><strong>Podstawowe badania wykonywane w laboratorium:<\/strong><\/p>\n<ul>\n<li>pomiar sytuacyjno &#8211; wysoko\u015bciowy i sporz\u0105dzenie mapy z wynik\u00f3w samodzielnego pomiaru &#8211; pomiar wykonany przy pomocy tachimetru elektronicznego (TC 407),<\/li>\n<li>wykonanie niwelacji technicznej reper\u00f3w &#8211; pomiar wykonany niwelatorem optycznym i kodowym,<\/li>\n<li>tyczenie obiekt\u00f3w kubaturowych i uzbrojenia terenu &#8211; pomiary wykonane przy pomocy tachimetru elektronicznego i niwelatora,<\/li>\n<li>inwentaryzacja powykonawcza uzbrojenia terenu i sporz\u0105dzenie dokumentacji &#8211; pomiary wykonane przy pomocy tachimetru elektronicznego i niwelatora,<\/li>\n<li>wyznaczenie odchyle\u0144 od pionu element\u00f3w konstrukcyjnych budowli &#8211; pomiary wykonane przy pomocy tachimetru elektronicznego,<\/li>\n<li>wykonanie oblicze\u0144 do opracowanych zagadnie\u0144 za pomoc\u0105 geodezyjnych program\u00f3w komputerowych (Winkalk, Mikromap),<\/li>\n<li>zapoznanie si\u0119 z innymi technikami pomiarowymi &#8211; niwelacja przy pomocy niwelatora laserowego, pomiar odleg\u0142o\u015bci r\u0119cznym dalmierzem elektronicznym,<\/li>\n<li>w ramach nowego projektu &#8211; wykonywanie geodezyjnych pomiar\u00f3w satelitarnych GNSS do prac drogowych i budownictwa og\u00f3lnego &#8211; zam\u00f3wienie odbiornika satelitarnego oraz zam\u00f3wienie program\u00f3w do wykonywania map wykorzystywanych w Che\u0142mie i pow. che\u0142mskim (Geomap).<\/li>\n<\/ul>\n<p>&nbsp;<\/p>\n<p>W celu zabezpieczenia potrzeb dydaktycznych, Uczelnia dysponuje ponadto nast\u0119puj\u0105cym sprz\u0119tem geodezyjnym: teodolity THEO 020A i 015B, dalmierz LEICA, statywy do przyrz\u0105d\u00f3w, ruletki 30 m, \u0142aty teleskopowe, szkicowniki, radiotelefony, tyczki, \u017cabki do niwelacji, stojaki do tyczek, pryzmaty, inny drobny sprz\u0119t pomocniczy (m\u0142otki, paliki, cyrkle, podzia\u0142ki, piony, kamizelki).<\/p>\n","protected":false},"excerpt":{"rendered":"<p>&nbsp; Wyposa\u017cenie laboratorium: tachimetr Leica Viva TS11 Leica Geosystems, niwelator Sprinter 150M Leica Geosystems, wykrywacz instalacji podziemnych DIGICAT 650i Leica Geosystems, zestaw odbiornika ruchomego GNSS VIVA GS08plus Leica Geosystems. Niwelator Sprinter 150M jest stosowany przy pomiarach r\u00f3\u017cnicy wysoko\u015bci (niwelacji) pomi\u0119dzy punktami terenowymi w budownictwie naziemnym, drogowym, topografii, architektury, budowy tuneli w kopalniach podziemnych i odkrywkowych&#8230;. <\/p>\n<div class=\"clear\"><\/div>\n<p><a href=\"https:\/\/csi.panschelm.edu.pl\/?page_id=4217\" class=\"excerpt-read-more\">Czytaj wi\u0119cej<i class=\"fa fa-angle-double-right icon-double-angle-right\"><\/i><\/a><\/p>\n","protected":false},"author":1,"featured_media":4218,"parent":0,"menu_order":0,"comment_status":"closed","ping_status":"closed","template":"","meta":{"footnotes":""},"class_list":["post-4217","page","type-page","status-publish","has-post-thumbnail","hentry"],"_links":{"self":[{"href":"https:\/\/csi.panschelm.edu.pl\/index.php?rest_route=\/wp\/v2\/pages\/4217","targetHints":{"allow":["GET"]}}],"collection":[{"href":"https:\/\/csi.panschelm.edu.pl\/index.php?rest_route=\/wp\/v2\/pages"}],"about":[{"href":"https:\/\/csi.panschelm.edu.pl\/index.php?rest_route=\/wp\/v2\/types\/page"}],"author":[{"embeddable":true,"href":"https:\/\/csi.panschelm.edu.pl\/index.php?rest_route=\/wp\/v2\/users\/1"}],"replies":[{"embeddable":true,"href":"https:\/\/csi.panschelm.edu.pl\/index.php?rest_route=%2Fwp%2Fv2%2Fcomments&post=4217"}],"version-history":[{"count":6,"href":"https:\/\/csi.panschelm.edu.pl\/index.php?rest_route=\/wp\/v2\/pages\/4217\/revisions"}],"predecessor-version":[{"id":5139,"href":"https:\/\/csi.panschelm.edu.pl\/index.php?rest_route=\/wp\/v2\/pages\/4217\/revisions\/5139"}],"wp:featuredmedia":[{"embeddable":true,"href":"https:\/\/csi.panschelm.edu.pl\/index.php?rest_route=\/wp\/v2\/media\/4218"}],"wp:attachment":[{"href":"https:\/\/csi.panschelm.edu.pl\/index.php?rest_route=%2Fwp%2Fv2%2Fmedia&parent=4217"}],"curies":[{"name":"wp","href":"https:\/\/api.w.org\/{rel}","templated":true}]}}