{"id":4205,"date":"2019-09-11T14:41:53","date_gmt":"2019-09-11T12:41:53","guid":{"rendered":"http:\/\/csi.pwszchelm.edu.pl\/?page_id=4205"},"modified":"2020-06-29T10:36:15","modified_gmt":"2020-06-29T08:36:15","slug":"laboratorium-materialow-i-nawierzchni-drogowych","status":"publish","type":"page","link":"https:\/\/csi.panschelm.edu.pl\/?page_id=4205","title":{"rendered":"Laboratorium Materia\u0142\u00f3w i&nbsp;Nawierzchni Drogowych"},"content":{"rendered":"<p><img loading=\"lazy\" decoding=\"async\" class=\"aligncenter wp-image-4206 size-full\" src=\"http:\/\/csi.panschelm.edu.pl\/wp-content\/uploads\/2019\/09\/laboratorium-materialow-i-nawierzchni-drogowych.jpg\" alt=\"\" width=\"735\" height=\"442\" srcset=\"https:\/\/csi.panschelm.edu.pl\/wp-content\/uploads\/2019\/09\/laboratorium-materialow-i-nawierzchni-drogowych.jpg 735w, https:\/\/csi.panschelm.edu.pl\/wp-content\/uploads\/2019\/09\/laboratorium-materialow-i-nawierzchni-drogowych-300x180.jpg 300w\" sizes=\"auto, (max-width: 735px) 100vw, 735px\" \/><\/p>\n<p><strong>Wyposa\u017cenie laboratorium:<\/strong><\/p>\n<ul>\n<li>komora klimatyczna H0133 Proeti,<\/li>\n<li>pi\u0142a elektryczna z tarcz\u0105 diamentow\u0105 do betonu H0151 Proeti,<\/li>\n<li>elektryczna p\u0142yta grzejna B0145 Proeti,<\/li>\n<li>destylator laboratoryjny DE 5 Polna,<\/li>\n<li>b\u0119ben micro\u2013Deval A0655 Proeti,<\/li>\n<li>szafa do sezonowania pr\u00f3bek C0106 Proeti,<\/li>\n<li>profilograf r\u0119czny CS8800 Proeti,<\/li>\n<li>Grip Tester GT 538 Findlay Irvine,<\/li>\n<li>maszyna wytrzyma\u0142o\u015bciowa do bada\u0144 dynamicznych obci\u0105\u017ce\u0144 asfaltu CRT-TCC Cooper Technology,<\/li>\n<li>programowalny piec z mikroprocesorem B0031 Proeti,<\/li>\n<li>aparat B0160 Proeti,<\/li>\n<li>piec obrotowy B0151 Proeti,<\/li>\n<li>cyfrowy penetrometr B0166 wraz ze sterowan\u0105 termostatem \u0142a\u017ani\u0105 wodn\u0105 B0166\/1 Proeti,<\/li>\n<li>duktylometr B0190 Proeti,<\/li>\n<li>b\u0119ben Los Angeles A0625 Proeti,<\/li>\n<li>prasa B0055 do wyznaczania stabilno\u015bci pr\u00f3bek Proeti,<\/li>\n<li>miernik jako\u015bci nawierzchni PQI 380 i SDG 200 Transtech Systems,<\/li>\n<li>elektryczna sonda H0138 Proeti,<\/li>\n<li>maszyna wytrzyma\u0142o\u015bciowa STCZ-1 Zhejiang Tugong Instrument Co., Ltd.,<\/li>\n<li>automatyczny ubijak Marshall&#8217;a B0042 Proeti,<\/li>\n<li>mieszalnik laboratoryjny mas bitumicznych B0038 Proeti,<\/li>\n<li>ekstraktor B00121 Proeti,<\/li>\n<li>betoniarka laboratoryjna H0053 Proeti.<\/li>\n<\/ul>\n<div class=\"clear\"><\/div><div class=\"gdlr-space\" style=\"margin-top: 40px;\"><\/div>\n<div class=\"gdlr-frame-shortcode gdlr-align-left\"><div class=\"gdlr-frame frame-type-border\" > <div class=\"gdlr-image-link-shortcode\" style=\"max-width: 100%\" ><img decoding=\"async\" src=\"http:\/\/csi.panschelm.edu.pl\/wp-content\/uploads\/2020\/06\/image2-1.jpeg\" alt=\" \" \/><a href=\"http:\/\/csi.panschelm.edu.pl\/wp-content\/uploads\/2020\/06\/image2-1.jpeg\"  data-rel=\"fancybox\"  target=\"_blank\" ><span class=\"gdlr-image-link-overlay\">&nbsp;<\/span><span class=\"gdlr-image-link-icon\"><i class=\"fa fa-search\" ><\/i><\/span><\/a><\/div><\/div><span class=\"gdlr-frame-caption\">B\u0119ben micro\u2013Deval A0655 <\/span><\/div>\n<p>Urz\u0105dzenie A0655 s\u0142u\u017cy do wyznaczania wsp\u00f3\u0142czynnika mikro-Devela. Badanie polega na okre\u015bleniu procentowego ubytku pocz\u0105tkowej masy pr\u00f3bki w czasie jej \u015bcierania do wymiar\u00f3w mniejszych ni\u017c 1,6 mm. Badanie polega na pomiarze zu\u017cycia kruszywa wywo\u0142anego tarciem mi\u0119dzy kruszywem i materia\u0142em \u015bciernym w obracaj\u0105cym si\u0119 b\u0119bnie.<\/p>\n<div class=\"gdlr-shortcode-wrapper\"><div class=\"clear\"><\/div><div class=\"gdlr-item gdlr-divider-item\"  ><div class=\"gdlr-divider solid\"  style=\"width: 100%;\" ><\/div><\/div><\/div>\n<div class=\"gdlr-frame-shortcode gdlr-align-left\"><div class=\"gdlr-frame frame-type-border\" > <div class=\"gdlr-image-link-shortcode\" style=\"max-width: 100%\" ><img decoding=\"async\" src=\"http:\/\/csi.panschelm.edu.pl\/wp-content\/uploads\/2020\/06\/image3-2.png\" alt=\" \" \/><a href=\"http:\/\/csi.panschelm.edu.pl\/wp-content\/uploads\/2020\/06\/image3-2.png\"  data-rel=\"fancybox\"  target=\"_blank\" ><span class=\"gdlr-image-link-overlay\">&nbsp;<\/span><span class=\"gdlr-image-link-icon\"><i class=\"fa fa-search\" ><\/i><\/span><\/a><\/div><\/div><span class=\"gdlr-frame-caption\">Profilograf r\u0119czny CS8800 <\/span><\/div>\n<p>Profilograf r\u0119czny CS8800 jest stosowany w badaniu wszelkiego rodzaju nawierzchni drogowych. Przeprowadza pomiar profilu nawierzchni jak i jej chropowato\u015bci. Powtarzalno\u015b\u0107 pomiaru podczas testu na tej samej powierzchni jest analizowana na poziomie 98%. Urz\u0105dzenie gwarantuje zgodno\u015b\u0107 z obowi\u0105zuj\u0105cymi metodami test\u00f3w. Konstrukcja CS8800 jest modu\u0142owa wyposa\u017cony jest w przeno\u015bny projektor oraz samo balansuj\u0105c\u0105 ram\u0119 co zapewnia przeprowadzenie pomiar\u00f3w na najwy\u017cszym poziome.<\/p>\n<div class=\"gdlr-shortcode-wrapper\"><div class=\"clear\"><\/div><div class=\"gdlr-item gdlr-divider-item\"  ><div class=\"gdlr-divider solid\"  style=\"width: 100%;\" ><\/div><\/div><\/div>\n<div class=\"gdlr-frame-shortcode gdlr-align-left\"><div class=\"gdlr-frame frame-type-border\" > <div class=\"gdlr-image-link-shortcode\" style=\"max-width: 100%\" ><img decoding=\"async\" src=\"http:\/\/csi.panschelm.edu.pl\/wp-content\/uploads\/2020\/06\/image4-5.jpeg\" alt=\" \" \/><a href=\"http:\/\/csi.panschelm.edu.pl\/wp-content\/uploads\/2020\/06\/image4-5.jpeg\"  data-rel=\"fancybox\"  target=\"_blank\" ><span class=\"gdlr-image-link-overlay\">&nbsp;<\/span><span class=\"gdlr-image-link-icon\"><i class=\"fa fa-search\" ><\/i><\/span><\/a><\/div><\/div><span class=\"gdlr-frame-caption\">Grip Tester GT 538<\/span><\/div>\n<p>Grip Tester GT 538 ma zastosowanie w procesie badania po\u015blizgu pas\u00f3w lotniczych, dr\u00f3g i autostrad.<\/p>\n<div class=\"gdlr-shortcode-wrapper\"><div class=\"clear\"><\/div><div class=\"gdlr-item gdlr-divider-item\"  ><div class=\"gdlr-divider solid\"  style=\"width: 100%;\" ><\/div><\/div><\/div>\n<div class=\"gdlr-frame-shortcode gdlr-align-left\"><div class=\"gdlr-frame frame-type-border\" > <div class=\"gdlr-image-link-shortcode\" style=\"max-width: 100%\" ><img decoding=\"async\" src=\"http:\/\/csi.panschelm.edu.pl\/wp-content\/uploads\/2020\/06\/image5-4.jpeg\" alt=\" \" \/><a href=\"http:\/\/csi.panschelm.edu.pl\/wp-content\/uploads\/2020\/06\/image5-4.jpeg\"  data-rel=\"fancybox\"  target=\"_blank\" ><span class=\"gdlr-image-link-overlay\">&nbsp;<\/span><span class=\"gdlr-image-link-icon\"><i class=\"fa fa-search\" ><\/i><\/span><\/a><\/div><\/div><span class=\"gdlr-frame-caption\">B\u0119ben Los Angeles A0625<\/span><\/div>\n<p>B\u0119ben Los Angeles jest stosowany do bada\u0144 odporno\u015bci kruszywa na rozdrabnianie.<\/p>\n<div class=\"gdlr-shortcode-wrapper\"><div class=\"clear\"><\/div><div class=\"gdlr-item gdlr-divider-item\"  ><div class=\"gdlr-divider solid\"  style=\"width: 100%;\" ><\/div><\/div><\/div>\n<div class=\"gdlr-frame-shortcode gdlr-align-left\"><div class=\"gdlr-frame frame-type-border\" > <div class=\"gdlr-image-link-shortcode\" style=\"max-width: 100%\" ><img decoding=\"async\" src=\"http:\/\/csi.panschelm.edu.pl\/wp-content\/uploads\/2020\/06\/image6-3.jpeg\" alt=\" \" \/><a href=\"http:\/\/csi.panschelm.edu.pl\/wp-content\/uploads\/2020\/06\/image6-3.jpeg\"  data-rel=\"fancybox\"  target=\"_blank\" ><span class=\"gdlr-image-link-overlay\">&nbsp;<\/span><span class=\"gdlr-image-link-icon\"><i class=\"fa fa-search\" ><\/i><\/span><\/a><\/div><\/div><span class=\"gdlr-frame-caption\">Miernik jako\u015bci nawierzchni PQI 380 i SDG 200<\/span><\/div>\n<p>Miernik PQI 380 jako\u015bci nawierzchni:<\/p>\n<ul>\n<li>g\u0119sto\u015b\u0107 nawierzchni asfaltowych,<\/li>\n<li>procentowa warto\u015b\u0107 zag\u0119szczenia,<\/li>\n<li>procentowa warto\u015b\u0107 wolnych przestrzeni.<\/li>\n<\/ul>\n<p>Miernik SDG 200 g\u0119sto\u015bci gruntu:<\/p>\n<ul>\n<li>g\u0119sto\u015b\u0107 gruntu,<\/li>\n<li>wilgotno\u015b\u0107,<\/li>\n<li>procentowa warto\u015b\u0107 zag\u0119szczenia.<\/li>\n<\/ul>\n<p>Mierniki PQI i SGD to najnowsza generacja bezizotopowych miernik\u00f3w stosowanych w procesie badania nawierzchni. Zaprojektowane s\u0105 do szybkich i dok\u0142adnych pomiar\u00f3w gor\u0105cego asfaltu w procesie ubijania. W ci\u0105gu trzech sekund po zako\u0144czeniu testu wy\u015bwietlane s\u0105 wyniki prowadzonych bada\u0144.<\/p>\n<div class=\"gdlr-shortcode-wrapper\"><div class=\"clear\"><\/div><div class=\"gdlr-item gdlr-divider-item\"  ><div class=\"gdlr-divider solid\"  style=\"width: 100%;\" ><\/div><\/div><\/div>\n<div class=\"gdlr-frame-shortcode gdlr-align-left\"><div class=\"gdlr-frame frame-type-border\" > <div class=\"gdlr-image-link-shortcode\" style=\"max-width: 100%\" ><img decoding=\"async\" src=\"http:\/\/csi.panschelm.edu.pl\/wp-content\/uploads\/2020\/06\/image7-1.jpeg\" alt=\" \" \/><a href=\"http:\/\/csi.panschelm.edu.pl\/wp-content\/uploads\/2020\/06\/image7-1.jpeg\"  data-rel=\"fancybox\"  target=\"_blank\" ><span class=\"gdlr-image-link-overlay\">&nbsp;<\/span><span class=\"gdlr-image-link-icon\"><i class=\"fa fa-search\" ><\/i><\/span><\/a><\/div><\/div><span class=\"gdlr-frame-caption\">Maszyna wytrzyma\u0142o\u015bciowa STCZ-1<\/span><\/div>\n<p>Tester STCZ-1 jest wykorzystywany do badania odporno\u015bci na koleiny asfaltu.<\/p>\n<div class=\"gdlr-shortcode-wrapper\"><div class=\"clear\"><\/div><div class=\"gdlr-item gdlr-divider-item\"  ><div class=\"gdlr-divider solid\"  style=\"width: 100%;\" ><\/div><\/div><\/div>\n","protected":false},"excerpt":{"rendered":"<p>Wyposa\u017cenie laboratorium: komora klimatyczna H0133 Proeti, pi\u0142a elektryczna z tarcz\u0105 diamentow\u0105 do betonu H0151 Proeti, elektryczna p\u0142yta grzejna B0145 Proeti, destylator laboratoryjny DE 5 Polna, b\u0119ben micro\u2013Deval A0655 Proeti, szafa do sezonowania pr\u00f3bek C0106 Proeti, profilograf r\u0119czny CS8800 Proeti, Grip Tester GT 538 Findlay Irvine, maszyna wytrzyma\u0142o\u015bciowa do bada\u0144 dynamicznych obci\u0105\u017ce\u0144 asfaltu CRT-TCC Cooper Technology,&#8230; <\/p>\n<div class=\"clear\"><\/div>\n<p><a href=\"https:\/\/csi.panschelm.edu.pl\/?page_id=4205\" class=\"excerpt-read-more\">Czytaj wi\u0119cej<i class=\"fa fa-angle-double-right icon-double-angle-right\"><\/i><\/a><\/p>\n","protected":false},"author":1,"featured_media":4206,"parent":0,"menu_order":0,"comment_status":"closed","ping_status":"closed","template":"","meta":{"footnotes":""},"class_list":["post-4205","page","type-page","status-publish","has-post-thumbnail","hentry"],"_links":{"self":[{"href":"https:\/\/csi.panschelm.edu.pl\/index.php?rest_route=\/wp\/v2\/pages\/4205","targetHints":{"allow":["GET"]}}],"collection":[{"href":"https:\/\/csi.panschelm.edu.pl\/index.php?rest_route=\/wp\/v2\/pages"}],"about":[{"href":"https:\/\/csi.panschelm.edu.pl\/index.php?rest_route=\/wp\/v2\/types\/page"}],"author":[{"embeddable":true,"href":"https:\/\/csi.panschelm.edu.pl\/index.php?rest_route=\/wp\/v2\/users\/1"}],"replies":[{"embeddable":true,"href":"https:\/\/csi.panschelm.edu.pl\/index.php?rest_route=%2Fwp%2Fv2%2Fcomments&post=4205"}],"version-history":[{"count":5,"href":"https:\/\/csi.panschelm.edu.pl\/index.php?rest_route=\/wp\/v2\/pages\/4205\/revisions"}],"predecessor-version":[{"id":5217,"href":"https:\/\/csi.panschelm.edu.pl\/index.php?rest_route=\/wp\/v2\/pages\/4205\/revisions\/5217"}],"wp:featuredmedia":[{"embeddable":true,"href":"https:\/\/csi.panschelm.edu.pl\/index.php?rest_route=\/wp\/v2\/media\/4206"}],"wp:attachment":[{"href":"https:\/\/csi.panschelm.edu.pl\/index.php?rest_route=%2Fwp%2Fv2%2Fmedia&parent=4205"}],"curies":[{"name":"wp","href":"https:\/\/api.w.org\/{rel}","templated":true}]}}