{"id":4191,"date":"2019-09-11T13:29:39","date_gmt":"2019-09-11T11:29:39","guid":{"rendered":"http:\/\/csi.pwszchelm.edu.pl\/?page_id=4191"},"modified":"2020-06-29T10:36:56","modified_gmt":"2020-06-29T08:36:56","slug":"laboratorium-elektrotechniki-i-elektroniki","status":"publish","type":"page","link":"https:\/\/csi.panschelm.edu.pl\/?page_id=4191","title":{"rendered":"Laboratorium Elektrotechniki i&nbsp;Elektroniki"},"content":{"rendered":"<p><img loading=\"lazy\" decoding=\"async\" class=\"wp-image-4778 size-full aligncenter\" src=\"http:\/\/csi.panschelm.edu.pl\/wp-content\/uploads\/2020\/06\/Lab.-Elektrotechniki-i-Elektroniki-ca\u0142e-labo.jpg\" alt=\"\" width=\"1600\" height=\"966\" srcset=\"https:\/\/csi.panschelm.edu.pl\/wp-content\/uploads\/2020\/06\/Lab.-Elektrotechniki-i-Elektroniki-ca\u0142e-labo.jpg 1600w, https:\/\/csi.panschelm.edu.pl\/wp-content\/uploads\/2020\/06\/Lab.-Elektrotechniki-i-Elektroniki-ca\u0142e-labo-300x181.jpg 300w, https:\/\/csi.panschelm.edu.pl\/wp-content\/uploads\/2020\/06\/Lab.-Elektrotechniki-i-Elektroniki-ca\u0142e-labo-1024x618.jpg 1024w, https:\/\/csi.panschelm.edu.pl\/wp-content\/uploads\/2020\/06\/Lab.-Elektrotechniki-i-Elektroniki-ca\u0142e-labo-768x464.jpg 768w, https:\/\/csi.panschelm.edu.pl\/wp-content\/uploads\/2020\/06\/Lab.-Elektrotechniki-i-Elektroniki-ca\u0142e-labo-1536x927.jpg 1536w\" sizes=\"auto, (max-width: 1600px) 100vw, 1600px\" \/><\/p>\n<p>W tym laboratorium studenci nabywaj\u0105 umiej\u0119tno\u015bci pos\u0142ugiwania si\u0119 aparatur\u0105 pomiarow\u0105 i wykonywania pomiar\u00f3w wielko\u015bci elektrycznych i magnetycznych. Nabywaj\u0105 tu r\u00f3wnie\u017c umiej\u0119tno\u015bci poprawnego czytania schemat\u00f3w elektrycznych i elektronicznych oraz fizycznego ich odwzorowywania. Poprzez wykonywane do\u015bwiadczenia laboratoryjne poznaj\u0105 w\u0142a\u015bciwo\u015bci element\u00f3w tworz\u0105cych obwody elektryczne i elektroniczne, a tak\u017ce zale\u017cno\u015bci<br \/>\ni zjawiska wyst\u0119puj\u0105ce w tych obwodach.<\/p>\n<p><strong>Wyposa\u017cenie:<\/strong><\/p>\n<ul>\n<li>oscyloskopy cyfrowe (prod. KEYSIGHT i METRIX),<\/li>\n<li>oscyloskopy analogowe (prod. EZ),<\/li>\n<li>generatory funkcyjne (prod. KEYSIGHT i MOTECH),<\/li>\n<li>watomierze cyfrowe (prod. METRIX),<\/li>\n<li>zasilacze laboratoryjne (prod. KEYSIGHT, MATRIX i PHYWE),<\/li>\n<li>mostki RLC (prod. CHY),<\/li>\n<li>multimetry (prod. KEYSIGHT, ESCORT i GW Instek),<\/li>\n<li>stanowiska do badania uk\u0142ad\u00f3w elektroniki: analogowej, analogowo-cyfrowej<br \/>\ni cyfrowej (prod. SCIENTECH),<\/li>\n<li>obci\u0105\u017cenia regulowane: rezystancyjne, indukcyjne i pojemno\u015bciowe (prod. LANGLOIS),<\/li>\n<li>autotransformatory tr\u00f3jfazowe i jednofazowe (prod. METREL),<\/li>\n<li>indukcyjno\u015bci dekadowe, kondensatory dekadowe i rezystory dekadowe (prod. ZELAP).<\/li>\n<\/ul>\n<p>&nbsp;<\/p>\n<p><strong>\u00a0<\/strong><strong>Przedmioty realizowane w tym laboratorium:<\/strong><\/p>\n<p><strong>&#8211; na kierunku Elektrotechnika:<\/strong><\/p>\n<ul>\n<li>Teoria obwod\u00f3w II<\/li>\n<li>Teoria obwod\u00f3w III<\/li>\n<li>Elektronika I<\/li>\n<li>Elektronika II<\/li>\n<li>Metrologia elektryczna II<\/li>\n<li>Elektroniczne uk\u0142ady analogowe i cyfrowe<\/li>\n<\/ul>\n<p><strong>&#8211; na kierunku Mechanika i Budowa Maszyn:<\/strong><\/p>\n<ul>\n<li>Podstawy elektrotechniki i elektroniki<\/li>\n<li>Metrologia elektryczna<\/li>\n<li>Wiadomo\u015bci podstawowe z zakresu elektryki<\/li>\n<li>Wiadomo\u015bci podstawowe z zakresu elektroniki<\/li>\n<\/ul>\n<p><strong>&#8211; na kierunku Nauczanie mechatroniki (studia podyplomowe):<\/strong><\/p>\n<ul>\n<li>Podstawy elektrotechniki i elektroniki<\/li>\n<\/ul>\n<div class=\"clear\"><\/div><div class=\"gdlr-space\" style=\"margin-top: 40px;\"><\/div>\n<div class=\"gdlr-frame-shortcode gdlr-align-left\"><div class=\"gdlr-frame frame-type-border\" > <div class=\"gdlr-image-link-shortcode\" style=\"max-width: 100%\" ><img decoding=\"async\" src=\"http:\/\/csi.panschelm.edu.pl\/wp-content\/uploads\/2020\/06\/Oscyloskopy-Keysight.jpg\" alt=\" \" \/><a href=\"http:\/\/csi.panschelm.edu.pl\/wp-content\/uploads\/2020\/06\/Oscyloskopy-Keysight.jpg\"  data-rel=\"fancybox\"  target=\"_blank\" ><span class=\"gdlr-image-link-overlay\">&nbsp;<\/span><span class=\"gdlr-image-link-icon\"><i class=\"fa fa-search\" ><\/i><\/span><\/a><\/div><\/div><span class=\"gdlr-frame-caption\">Oscyloskop cyfrowy (prod. Keysight)<\/span><\/div>\n<p>Urz\u0105dzenie to umo\u017cliwia: pomiary parametr\u00f3w sygna\u0142\u00f3w elektrycznych, badanie zale\u017cno\u015bci funkcyjnych mi\u0119dzy zmiennymi wielko\u015bciami elektrycznymi lub innymi wielko\u015bciami fizycznymi, przetworzonymi na wielko\u015bci elektryczne (zazwyczaj na napi\u0119cie elektryczne).<\/p>\n<div class=\"gdlr-shortcode-wrapper\"><div class=\"clear\"><\/div><div class=\"gdlr-item gdlr-divider-item\"  ><div class=\"gdlr-divider solid\"  style=\"width: 100%;\" ><\/div><\/div><\/div>\n<div class=\"gdlr-frame-shortcode gdlr-align-left\"><div class=\"gdlr-frame frame-type-border\" > <div class=\"gdlr-image-link-shortcode\" style=\"max-width: 100%\" ><img decoding=\"async\" src=\"http:\/\/csi.panschelm.edu.pl\/wp-content\/uploads\/2020\/06\/Generatory-funkcyjne-Keysight.jpg\" alt=\" \" \/><a href=\"http:\/\/csi.panschelm.edu.pl\/wp-content\/uploads\/2020\/06\/Generatory-funkcyjne-Keysight.jpg\"  data-rel=\"fancybox\"  target=\"_blank\" ><span class=\"gdlr-image-link-overlay\">&nbsp;<\/span><span class=\"gdlr-image-link-icon\"><i class=\"fa fa-search\" ><\/i><\/span><\/a><\/div><\/div><span class=\"gdlr-frame-caption\">Generator funkcyjny (prod. Keysight)<\/span><\/div>\n<p>Urz\u0105dzenie to s\u0142u\u017cy do generowania okresowych sygna\u0142\u00f3w elektrycznych o wybranym kszta\u0142cie i o okre\u015blonych parametrach.<\/p>\n<div class=\"gdlr-shortcode-wrapper\"><div class=\"clear\"><\/div><div class=\"gdlr-item gdlr-divider-item\"  ><div class=\"gdlr-divider solid\"  style=\"width: 100%;\" ><\/div><\/div><\/div>\n<p>&nbsp;<\/p>\n","protected":false},"excerpt":{"rendered":"<p>W tym laboratorium studenci nabywaj\u0105 umiej\u0119tno\u015bci pos\u0142ugiwania si\u0119 aparatur\u0105 pomiarow\u0105 i wykonywania pomiar\u00f3w wielko\u015bci elektrycznych i magnetycznych. Nabywaj\u0105 tu r\u00f3wnie\u017c umiej\u0119tno\u015bci poprawnego czytania schemat\u00f3w elektrycznych i elektronicznych oraz fizycznego ich odwzorowywania. Poprzez wykonywane do\u015bwiadczenia laboratoryjne poznaj\u0105 w\u0142a\u015bciwo\u015bci element\u00f3w tworz\u0105cych obwody elektryczne i elektroniczne, a tak\u017ce zale\u017cno\u015bci i zjawiska wyst\u0119puj\u0105ce w tych obwodach. Wyposa\u017cenie: oscyloskopy cyfrowe&#8230; <\/p>\n<div class=\"clear\"><\/div>\n<p><a href=\"https:\/\/csi.panschelm.edu.pl\/?page_id=4191\" class=\"excerpt-read-more\">Czytaj wi\u0119cej<i class=\"fa fa-angle-double-right icon-double-angle-right\"><\/i><\/a><\/p>\n","protected":false},"author":1,"featured_media":4192,"parent":0,"menu_order":0,"comment_status":"closed","ping_status":"closed","template":"","meta":{"footnotes":""},"class_list":["post-4191","page","type-page","status-publish","has-post-thumbnail","hentry"],"_links":{"self":[{"href":"https:\/\/csi.panschelm.edu.pl\/index.php?rest_route=\/wp\/v2\/pages\/4191","targetHints":{"allow":["GET"]}}],"collection":[{"href":"https:\/\/csi.panschelm.edu.pl\/index.php?rest_route=\/wp\/v2\/pages"}],"about":[{"href":"https:\/\/csi.panschelm.edu.pl\/index.php?rest_route=\/wp\/v2\/types\/page"}],"author":[{"embeddable":true,"href":"https:\/\/csi.panschelm.edu.pl\/index.php?rest_route=\/wp\/v2\/users\/1"}],"replies":[{"embeddable":true,"href":"https:\/\/csi.panschelm.edu.pl\/index.php?rest_route=%2Fwp%2Fv2%2Fcomments&post=4191"}],"version-history":[{"count":8,"href":"https:\/\/csi.panschelm.edu.pl\/index.php?rest_route=\/wp\/v2\/pages\/4191\/revisions"}],"predecessor-version":[{"id":5218,"href":"https:\/\/csi.panschelm.edu.pl\/index.php?rest_route=\/wp\/v2\/pages\/4191\/revisions\/5218"}],"wp:featuredmedia":[{"embeddable":true,"href":"https:\/\/csi.panschelm.edu.pl\/index.php?rest_route=\/wp\/v2\/media\/4192"}],"wp:attachment":[{"href":"https:\/\/csi.panschelm.edu.pl\/index.php?rest_route=%2Fwp%2Fv2%2Fmedia&parent=4191"}],"curies":[{"name":"wp","href":"https:\/\/api.w.org\/{rel}","templated":true}]}}